{"id":747,"date":"2024-03-04T18:35:47","date_gmt":"2024-03-04T17:35:47","guid":{"rendered":"https:\/\/davidtrotzig.com\/terapias\/emdr\/"},"modified":"2024-03-04T18:35:47","modified_gmt":"2024-03-04T17:35:47","slug":"emdr","status":"publish","type":"terapias","link":"https:\/\/davidtrotzig.com\/ca\/terapies\/emdr\/","title":{"rendered":"EMDR"},"content":{"rendered":"","protected":false},"excerpt":{"rendered":"<p>L&#8217;EMDR \u00e9s una t\u00e8cnica psicoterap\u00e8utica comparativament nova que ha causat una revoluci\u00f3 en el tractament dels trastorns relacionats amb els traumes. \u00c9s una t\u00e8cnica que s&#8217;usa cada vegada m\u00e9s per al tractament de les dificultats emocionals causades per experi\u00e8ncies dif\u00edcils a la vida de la persona, com f\u00f2bies, atacs de p\u00e0nic, p\u00e8rdues importants i duels o incidents traum\u00e0tics a la inf\u00e0ncia, traumes per accidents o altres . Tamb\u00e9 es fa servir l&#8217;EMDR per alleujar l&#8217;angoixa o l&#8217;ansietat que apareix per diferents raons.<\/p>\n","protected":false},"featured_media":640,"template":"","class_list":["post-747","terapias","type-terapias","status-publish","has-post-thumbnail","hentry"],"yoast_head":"<!-- This site is optimized with the Yoast SEO plugin v22.6 - https:\/\/yoast.com\/wordpress\/plugins\/seo\/ -->\n<title>EMDR - David Trotzig<\/title>\n<meta name=\"robots\" content=\"index, follow, max-snippet:-1, max-image-preview:large, max-video-preview:-1\" \/>\n<link rel=\"canonical\" href=\"https:\/\/davidtrotzig.com\/ca\/terapies\/emdr\/\" \/>\n<meta property=\"og:locale\" content=\"ca_ES\" \/>\n<meta property=\"og:type\" content=\"article\" \/>\n<meta property=\"og:title\" content=\"EMDR - David Trotzig\" \/>\n<meta property=\"og:description\" content=\"L&#039;EMDR \u00e9s una t\u00e8cnica psicoterap\u00e8utica comparativament nova que ha causat una revoluci\u00f3 en el tractament dels trastorns relacionats amb els traumes. \u00c9s una t\u00e8cnica que s&#039;usa cada vegada m\u00e9s per al tractament de les dificultats emocionals causades per experi\u00e8ncies dif\u00edcils a la vida de la persona, com f\u00f2bies, atacs de p\u00e0nic, p\u00e8rdues importants i duels o incidents traum\u00e0tics a la inf\u00e0ncia, traumes per accidents o altres . Tamb\u00e9 es fa servir l&#039;EMDR per alleujar l&#039;angoixa o l&#039;ansietat que apareix per diferents raons.\" \/>\n<meta property=\"og:url\" content=\"https:\/\/davidtrotzig.com\/ca\/terapies\/emdr\/\" \/>\n<meta property=\"og:site_name\" content=\"David Trotzig\" \/>\n<meta property=\"og:image\" content=\"https:\/\/davidtrotzig.com\/wp-content\/uploads\/2024\/02\/david-trotzig_psicoterapeuta-logo.png\" \/>\n\t<meta property=\"og:image:width\" content=\"1408\" \/>\n\t<meta property=\"og:image:height\" content=\"391\" \/>\n\t<meta property=\"og:image:type\" content=\"image\/png\" \/>\n<meta name=\"twitter:card\" content=\"summary_large_image\" \/>\n<script type=\"application\/ld+json\" class=\"yoast-schema-graph\">{\"@context\":\"https:\/\/schema.org\",\"@graph\":[{\"@type\":\"WebPage\",\"@id\":\"https:\/\/davidtrotzig.com\/ca\/terapies\/emdr\/\",\"url\":\"https:\/\/davidtrotzig.com\/ca\/terapies\/emdr\/\",\"name\":\"EMDR - David Trotzig\",\"isPartOf\":{\"@id\":\"https:\/\/davidtrotzig.com\/ca\/#website\"},\"primaryImageOfPage\":{\"@id\":\"https:\/\/davidtrotzig.com\/ca\/terapies\/emdr\/#primaryimage\"},\"image\":{\"@id\":\"https:\/\/davidtrotzig.com\/ca\/terapies\/emdr\/#primaryimage\"},\"thumbnailUrl\":\"https:\/\/davidtrotzig.com\/wp-content\/uploads\/2024\/03\/david-trotzig_EMDR2.jpeg\",\"datePublished\":\"2024-03-04T17:35:47+00:00\",\"dateModified\":\"2024-03-04T17:35:47+00:00\",\"breadcrumb\":{\"@id\":\"https:\/\/davidtrotzig.com\/ca\/terapies\/emdr\/#breadcrumb\"},\"inLanguage\":\"ca\",\"potentialAction\":[{\"@type\":\"ReadAction\",\"target\":[\"https:\/\/davidtrotzig.com\/ca\/terapies\/emdr\/\"]}]},{\"@type\":\"ImageObject\",\"inLanguage\":\"ca\",\"@id\":\"https:\/\/davidtrotzig.com\/ca\/terapies\/emdr\/#primaryimage\",\"url\":\"https:\/\/davidtrotzig.com\/wp-content\/uploads\/2024\/03\/david-trotzig_EMDR2.jpeg\",\"contentUrl\":\"https:\/\/davidtrotzig.com\/wp-content\/uploads\/2024\/03\/david-trotzig_EMDR2.jpeg\",\"width\":2000,\"height\":2000},{\"@type\":\"BreadcrumbList\",\"@id\":\"https:\/\/davidtrotzig.com\/ca\/terapies\/emdr\/#breadcrumb\",\"itemListElement\":[{\"@type\":\"ListItem\",\"position\":1,\"name\":\"Portada\",\"item\":\"https:\/\/davidtrotzig.com\/ca\/\"},{\"@type\":\"ListItem\",\"position\":2,\"name\":\"Terapies\",\"item\":\"https:\/\/davidtrotzig.com\/ca\/terapies\/\"},{\"@type\":\"ListItem\",\"position\":3,\"name\":\"EMDR\"}]},{\"@type\":\"WebSite\",\"@id\":\"https:\/\/davidtrotzig.com\/ca\/#website\",\"url\":\"https:\/\/davidtrotzig.com\/ca\/\",\"name\":\"David Trotzig\",\"description\":\"Psicoterapeuta especializado en terapia del trauma y terapia psicocorporal\",\"potentialAction\":[{\"@type\":\"SearchAction\",\"target\":{\"@type\":\"EntryPoint\",\"urlTemplate\":\"https:\/\/davidtrotzig.com\/ca\/?s={search_term_string}\"},\"query-input\":\"required name=search_term_string\"}],\"inLanguage\":\"ca\"}]}<\/script>\n<!-- \/ Yoast SEO plugin. -->","yoast_head_json":{"title":"EMDR - David Trotzig","robots":{"index":"index","follow":"follow","max-snippet":"max-snippet:-1","max-image-preview":"max-image-preview:large","max-video-preview":"max-video-preview:-1"},"canonical":"https:\/\/davidtrotzig.com\/ca\/terapies\/emdr\/","og_locale":"ca_ES","og_type":"article","og_title":"EMDR - David Trotzig","og_description":"L'EMDR \u00e9s una t\u00e8cnica psicoterap\u00e8utica comparativament nova que ha causat una revoluci\u00f3 en el tractament dels trastorns relacionats amb els traumes. \u00c9s una t\u00e8cnica que s'usa cada vegada m\u00e9s per al tractament de les dificultats emocionals causades per experi\u00e8ncies dif\u00edcils a la vida de la persona, com f\u00f2bies, atacs de p\u00e0nic, p\u00e8rdues importants i duels o incidents traum\u00e0tics a la inf\u00e0ncia, traumes per accidents o altres . Tamb\u00e9 es fa servir l'EMDR per alleujar l'angoixa o l'ansietat que apareix per diferents raons.","og_url":"https:\/\/davidtrotzig.com\/ca\/terapies\/emdr\/","og_site_name":"David Trotzig","og_image":[{"width":1408,"height":391,"url":"https:\/\/davidtrotzig.com\/wp-content\/uploads\/2024\/02\/david-trotzig_psicoterapeuta-logo.png","type":"image\/png"}],"twitter_card":"summary_large_image","schema":{"@context":"https:\/\/schema.org","@graph":[{"@type":"WebPage","@id":"https:\/\/davidtrotzig.com\/ca\/terapies\/emdr\/","url":"https:\/\/davidtrotzig.com\/ca\/terapies\/emdr\/","name":"EMDR - David Trotzig","isPartOf":{"@id":"https:\/\/davidtrotzig.com\/ca\/#website"},"primaryImageOfPage":{"@id":"https:\/\/davidtrotzig.com\/ca\/terapies\/emdr\/#primaryimage"},"image":{"@id":"https:\/\/davidtrotzig.com\/ca\/terapies\/emdr\/#primaryimage"},"thumbnailUrl":"https:\/\/davidtrotzig.com\/wp-content\/uploads\/2024\/03\/david-trotzig_EMDR2.jpeg","datePublished":"2024-03-04T17:35:47+00:00","dateModified":"2024-03-04T17:35:47+00:00","breadcrumb":{"@id":"https:\/\/davidtrotzig.com\/ca\/terapies\/emdr\/#breadcrumb"},"inLanguage":"ca","potentialAction":[{"@type":"ReadAction","target":["https:\/\/davidtrotzig.com\/ca\/terapies\/emdr\/"]}]},{"@type":"ImageObject","inLanguage":"ca","@id":"https:\/\/davidtrotzig.com\/ca\/terapies\/emdr\/#primaryimage","url":"https:\/\/davidtrotzig.com\/wp-content\/uploads\/2024\/03\/david-trotzig_EMDR2.jpeg","contentUrl":"https:\/\/davidtrotzig.com\/wp-content\/uploads\/2024\/03\/david-trotzig_EMDR2.jpeg","width":2000,"height":2000},{"@type":"BreadcrumbList","@id":"https:\/\/davidtrotzig.com\/ca\/terapies\/emdr\/#breadcrumb","itemListElement":[{"@type":"ListItem","position":1,"name":"Portada","item":"https:\/\/davidtrotzig.com\/ca\/"},{"@type":"ListItem","position":2,"name":"Terapies","item":"https:\/\/davidtrotzig.com\/ca\/terapies\/"},{"@type":"ListItem","position":3,"name":"EMDR"}]},{"@type":"WebSite","@id":"https:\/\/davidtrotzig.com\/ca\/#website","url":"https:\/\/davidtrotzig.com\/ca\/","name":"David Trotzig","description":"Psicoterapeuta especializado en terapia del trauma y terapia psicocorporal","potentialAction":[{"@type":"SearchAction","target":{"@type":"EntryPoint","urlTemplate":"https:\/\/davidtrotzig.com\/ca\/?s={search_term_string}"},"query-input":"required name=search_term_string"}],"inLanguage":"ca"}]}},"_links":{"self":[{"href":"https:\/\/davidtrotzig.com\/ca\/wp-json\/wp\/v2\/terapias\/747","targetHints":{"allow":["GET"]}}],"collection":[{"href":"https:\/\/davidtrotzig.com\/ca\/wp-json\/wp\/v2\/terapias"}],"about":[{"href":"https:\/\/davidtrotzig.com\/ca\/wp-json\/wp\/v2\/types\/terapias"}],"wp:featuredmedia":[{"embeddable":true,"href":"https:\/\/davidtrotzig.com\/ca\/wp-json\/wp\/v2\/media\/640"}],"wp:attachment":[{"href":"https:\/\/davidtrotzig.com\/ca\/wp-json\/wp\/v2\/media?parent=747"}],"curies":[{"name":"wp","href":"https:\/\/api.w.org\/{rel}","templated":true}]}}

<p>L&#8217;EMDR és una tècnica psicoterapèutica comparativament nova que ha causat una revolució en el tractament dels trastorns relacionats amb els traumes. És una tècnica que s&#8217;usa cada vegada més per al tractament de les dificultats emocionals causades per experiències difícils a la vida de la persona, com fòbies, atacs de pànic, pèrdues importants i duels o incidents traumàtics a la infància, traumes per accidents o altres . També es fa servir l&#8217;EMDR per alleujar l&#8217;angoixa o l&#8217;ansietat que apareix per diferents raons.</p>

<!-- This site is optimized with the Yoast SEO plugin v22.6 - https://yoast.com/wordpress/plugins/seo/ -->
<title>EMDR - David Trotzig</title>
<meta name="robots" content="index, follow, max-snippet:-1, max-image-preview:large, max-video-preview:-1" />
<link rel="canonical" href="https://davidtrotzig.com/ca/terapies/emdr/" />
<meta property="og:locale" content="ca_ES" />
<meta property="og:type" content="article" />
<meta property="og:title" content="EMDR - David Trotzig" />
<meta property="og:description" content="L&#039;EMDR és una tècnica psicoterapèutica comparativament nova que ha causat una revolució en el tractament dels trastorns relacionats amb els traumes. És una tècnica que s&#039;usa cada vegada més per al tractament de les dificultats emocionals causades per experiències difícils a la vida de la persona, com fòbies, atacs de pànic, pèrdues importants i duels o incidents traumàtics a la infància, traumes per accidents o altres . També es fa servir l&#039;EMDR per alleujar l&#039;angoixa o l&#039;ansietat que apareix per diferents raons." />
<meta property="og:url" content="https://davidtrotzig.com/ca/terapies/emdr/" />
<meta property="og:site_name" content="David Trotzig" />
<meta property="og:image" content="https://davidtrotzig.com/wp-content/uploads/2024/02/david-trotzig_psicoterapeuta-logo.png" />
	<meta property="og:image:width" content="1408" />
	<meta property="og:image:height" content="391" />
	<meta property="og:image:type" content="image/png" />
<meta name="twitter:card" content="summary_large_image" />
<script type="application/ld+json" class="yoast-schema-graph">{"@context":"https://schema.org","@graph":[{"@type":"WebPage","@id":"https://davidtrotzig.com/ca/terapies/emdr/","url":"https://davidtrotzig.com/ca/terapies/emdr/","name":"EMDR - David Trotzig","isPartOf":{"@id":"https://davidtrotzig.com/ca/#website"},"primaryImageOfPage":{"@id":"https://davidtrotzig.com/ca/terapies/emdr/#primaryimage"},"image":{"@id":"https://davidtrotzig.com/ca/terapies/emdr/#primaryimage"},"thumbnailUrl":"https://davidtrotzig.com/wp-content/uploads/2024/03/david-trotzig_EMDR2.jpeg","datePublished":"2024-03-04T17:35:47+00:00","dateModified":"2024-03-04T17:35:47+00:00","breadcrumb":{"@id":"https://davidtrotzig.com/ca/terapies/emdr/#breadcrumb"},"inLanguage":"ca","potentialAction":[{"@type":"ReadAction","target":["https://davidtrotzig.com/ca/terapies/emdr/"]}]},{"@type":"ImageObject","inLanguage":"ca","@id":"https://davidtrotzig.com/ca/terapies/emdr/#primaryimage","url":"https://davidtrotzig.com/wp-content/uploads/2024/03/david-trotzig_EMDR2.jpeg","contentUrl":"https://davidtrotzig.com/wp-content/uploads/2024/03/david-trotzig_EMDR2.jpeg","width":2000,"height":2000},{"@type":"BreadcrumbList","@id":"https://davidtrotzig.com/ca/terapies/emdr/#breadcrumb","itemListElement":[{"@type":"ListItem","position":1,"name":"Portada","item":"https://davidtrotzig.com/ca/"},{"@type":"ListItem","position":2,"name":"Terapies","item":"https://davidtrotzig.com/ca/terapies/"},{"@type":"ListItem","position":3,"name":"EMDR"}]},{"@type":"WebSite","@id":"https://davidtrotzig.com/ca/#website","url":"https://davidtrotzig.com/ca/","name":"David Trotzig","description":"Psicoterapeuta especializado en terapia del trauma y terapia psicocorporal","potentialAction":[{"@type":"SearchAction","target":{"@type":"EntryPoint","urlTemplate":"https://davidtrotzig.com/ca/?s={search_term_string}"},"query-input":"required name=search_term_string"}],"inLanguage":"ca"}]}</script>
<!-- / Yoast SEO plugin. -->

L'EMDR és una tècnica psicoterapèutica comparativament nova que ha causat una revolució en el tractament dels trastorns relacionats amb els traumes. És una tècnica que s'usa cada vegada més per al tractament de les dificultats emocionals causades per experiències difícils a la vida de la persona, com fòbies, atacs de pànic, pèrdues importants i duels o incidents traumàtics a la infància, traumes per accidents o altres . També es fa servir l'EMDR per alleujar l'angoixa o l'ansietat que apareix per diferents raons.
