{"id":748,"date":"2024-03-04T18:40:38","date_gmt":"2024-03-04T17:40:38","guid":{"rendered":"https:\/\/davidtrotzig.com\/terapias\/tractament-per-a-lestres-posttraumatic-simple-o-complex\/"},"modified":"2024-03-04T18:40:38","modified_gmt":"2024-03-04T17:40:38","slug":"tractament-per-a-lestres-posttraumatic-simple-o-complex","status":"publish","type":"terapias","link":"https:\/\/davidtrotzig.com\/ca\/terapies\/tractament-per-a-lestres-posttraumatic-simple-o-complex\/","title":{"rendered":"Tractament per a l&#8217;estr\u00e8s posttraum\u00e0tic, simple o complex"},"content":{"rendered":"","protected":false},"excerpt":{"rendered":"<p>Els esdeveniments traum\u00e0tics com accidents, mort de persones properes, parts dif\u00edcils, p\u00e8rdues importants, etc., poden causar el fenomen anomenat estr\u00e8s posttraum\u00e0tic (TEPT). Amb els coneixements i les eines terap\u00e8utiques adequades, aix\u00f2 es pot tractar amb relativa facilitat, per exemple amb EMDR. Els esdeveniments traum\u00e0tics ocorreguts durant la inf\u00e0ncia i de forma repetitiva presenten m\u00e9s dificultats. Quan \u00e9s prou greu podem parlar d&#8217;Estr\u00e8s posttraum\u00e0tic complex (TEPT-C) i el tractament difereix molt del TEPT simple. Tot i que l&#8217;EMDR continua sent una eina molt valuosa, es treballa amb una combinaci\u00f3 de diverses t\u00e8cniques que requereixen molta experi\u00e8ncia en el seu \u00fas i tenint en compte un proc\u00e9s que pot ser llarg i delicat.<\/p>\n","protected":false},"featured_media":656,"template":"","class_list":["post-748","terapias","type-terapias","status-publish","has-post-thumbnail","hentry"],"yoast_head":"<!-- This site is optimized with the Yoast SEO plugin v22.6 - https:\/\/yoast.com\/wordpress\/plugins\/seo\/ -->\n<title>Tractament per a l&#039;estr\u00e8s posttraum\u00e0tic, simple o complex - David Trotzig<\/title>\n<meta name=\"robots\" content=\"index, follow, max-snippet:-1, max-image-preview:large, max-video-preview:-1\" \/>\n<link rel=\"canonical\" href=\"https:\/\/davidtrotzig.com\/ca\/terapies\/tractament-per-a-lestres-posttraumatic-simple-o-complex\/\" \/>\n<meta property=\"og:locale\" content=\"ca_ES\" \/>\n<meta property=\"og:type\" content=\"article\" \/>\n<meta property=\"og:title\" content=\"Tractament per a l&#039;estr\u00e8s posttraum\u00e0tic, simple o complex - David Trotzig\" \/>\n<meta property=\"og:description\" content=\"Els esdeveniments traum\u00e0tics com accidents, mort de persones properes, parts dif\u00edcils, p\u00e8rdues importants, etc., poden causar el fenomen anomenat estr\u00e8s posttraum\u00e0tic (TEPT). Amb els coneixements i les eines terap\u00e8utiques adequades, aix\u00f2 es pot tractar amb relativa facilitat, per exemple amb EMDR. Els esdeveniments traum\u00e0tics ocorreguts durant la inf\u00e0ncia i de forma repetitiva presenten m\u00e9s dificultats. Quan \u00e9s prou greu podem parlar d&#039;Estr\u00e8s posttraum\u00e0tic complex (TEPT-C) i el tractament difereix molt del TEPT simple. Tot i que l&#039;EMDR continua sent una eina molt valuosa, es treballa amb una combinaci\u00f3 de diverses t\u00e8cniques que requereixen molta experi\u00e8ncia en el seu \u00fas i tenint en compte un proc\u00e9s que pot ser llarg i delicat.\" \/>\n<meta property=\"og:url\" content=\"https:\/\/davidtrotzig.com\/ca\/terapies\/tractament-per-a-lestres-posttraumatic-simple-o-complex\/\" \/>\n<meta property=\"og:site_name\" content=\"David Trotzig\" \/>\n<meta property=\"og:image\" content=\"https:\/\/davidtrotzig.com\/wp-content\/uploads\/2024\/02\/david-trotzig_psicoterapeuta-logo.png\" \/>\n\t<meta property=\"og:image:width\" content=\"1408\" \/>\n\t<meta property=\"og:image:height\" content=\"391\" \/>\n\t<meta property=\"og:image:type\" content=\"image\/png\" \/>\n<meta name=\"twitter:card\" content=\"summary_large_image\" \/>\n<script type=\"application\/ld+json\" class=\"yoast-schema-graph\">{\"@context\":\"https:\/\/schema.org\",\"@graph\":[{\"@type\":\"WebPage\",\"@id\":\"https:\/\/davidtrotzig.com\/ca\/terapies\/tractament-per-a-lestres-posttraumatic-simple-o-complex\/\",\"url\":\"https:\/\/davidtrotzig.com\/ca\/terapies\/tractament-per-a-lestres-posttraumatic-simple-o-complex\/\",\"name\":\"Tractament per a l'estr\u00e8s posttraum\u00e0tic, simple o complex - David Trotzig\",\"isPartOf\":{\"@id\":\"https:\/\/davidtrotzig.com\/ca\/#website\"},\"primaryImageOfPage\":{\"@id\":\"https:\/\/davidtrotzig.com\/ca\/terapies\/tractament-per-a-lestres-posttraumatic-simple-o-complex\/#primaryimage\"},\"image\":{\"@id\":\"https:\/\/davidtrotzig.com\/ca\/terapies\/tractament-per-a-lestres-posttraumatic-simple-o-complex\/#primaryimage\"},\"thumbnailUrl\":\"https:\/\/davidtrotzig.com\/wp-content\/uploads\/2024\/03\/david-trotzig_depresion.jpeg\",\"datePublished\":\"2024-03-04T17:40:38+00:00\",\"dateModified\":\"2024-03-04T17:40:38+00:00\",\"breadcrumb\":{\"@id\":\"https:\/\/davidtrotzig.com\/ca\/terapies\/tractament-per-a-lestres-posttraumatic-simple-o-complex\/#breadcrumb\"},\"inLanguage\":\"ca\",\"potentialAction\":[{\"@type\":\"ReadAction\",\"target\":[\"https:\/\/davidtrotzig.com\/ca\/terapies\/tractament-per-a-lestres-posttraumatic-simple-o-complex\/\"]}]},{\"@type\":\"ImageObject\",\"inLanguage\":\"ca\",\"@id\":\"https:\/\/davidtrotzig.com\/ca\/terapies\/tractament-per-a-lestres-posttraumatic-simple-o-complex\/#primaryimage\",\"url\":\"https:\/\/davidtrotzig.com\/wp-content\/uploads\/2024\/03\/david-trotzig_depresion.jpeg\",\"contentUrl\":\"https:\/\/davidtrotzig.com\/wp-content\/uploads\/2024\/03\/david-trotzig_depresion.jpeg\",\"width\":538,\"height\":495},{\"@type\":\"BreadcrumbList\",\"@id\":\"https:\/\/davidtrotzig.com\/ca\/terapies\/tractament-per-a-lestres-posttraumatic-simple-o-complex\/#breadcrumb\",\"itemListElement\":[{\"@type\":\"ListItem\",\"position\":1,\"name\":\"Portada\",\"item\":\"https:\/\/davidtrotzig.com\/ca\/\"},{\"@type\":\"ListItem\",\"position\":2,\"name\":\"Terapies\",\"item\":\"https:\/\/davidtrotzig.com\/ca\/terapies\/\"},{\"@type\":\"ListItem\",\"position\":3,\"name\":\"Tractament per a l&#8217;estr\u00e8s posttraum\u00e0tic, simple o complex\"}]},{\"@type\":\"WebSite\",\"@id\":\"https:\/\/davidtrotzig.com\/ca\/#website\",\"url\":\"https:\/\/davidtrotzig.com\/ca\/\",\"name\":\"David Trotzig\",\"description\":\"Psicoterapeuta especializado en terapia del trauma y terapia psicocorporal\",\"potentialAction\":[{\"@type\":\"SearchAction\",\"target\":{\"@type\":\"EntryPoint\",\"urlTemplate\":\"https:\/\/davidtrotzig.com\/ca\/?s={search_term_string}\"},\"query-input\":\"required name=search_term_string\"}],\"inLanguage\":\"ca\"}]}<\/script>\n<!-- \/ Yoast SEO plugin. -->","yoast_head_json":{"title":"Tractament per a l'estr\u00e8s posttraum\u00e0tic, simple o complex - David Trotzig","robots":{"index":"index","follow":"follow","max-snippet":"max-snippet:-1","max-image-preview":"max-image-preview:large","max-video-preview":"max-video-preview:-1"},"canonical":"https:\/\/davidtrotzig.com\/ca\/terapies\/tractament-per-a-lestres-posttraumatic-simple-o-complex\/","og_locale":"ca_ES","og_type":"article","og_title":"Tractament per a l'estr\u00e8s posttraum\u00e0tic, simple o complex - David Trotzig","og_description":"Els esdeveniments traum\u00e0tics com accidents, mort de persones properes, parts dif\u00edcils, p\u00e8rdues importants, etc., poden causar el fenomen anomenat estr\u00e8s posttraum\u00e0tic (TEPT). Amb els coneixements i les eines terap\u00e8utiques adequades, aix\u00f2 es pot tractar amb relativa facilitat, per exemple amb EMDR. Els esdeveniments traum\u00e0tics ocorreguts durant la inf\u00e0ncia i de forma repetitiva presenten m\u00e9s dificultats. Quan \u00e9s prou greu podem parlar d'Estr\u00e8s posttraum\u00e0tic complex (TEPT-C) i el tractament difereix molt del TEPT simple. Tot i que l'EMDR continua sent una eina molt valuosa, es treballa amb una combinaci\u00f3 de diverses t\u00e8cniques que requereixen molta experi\u00e8ncia en el seu \u00fas i tenint en compte un proc\u00e9s que pot ser llarg i delicat.","og_url":"https:\/\/davidtrotzig.com\/ca\/terapies\/tractament-per-a-lestres-posttraumatic-simple-o-complex\/","og_site_name":"David Trotzig","og_image":[{"width":1408,"height":391,"url":"https:\/\/davidtrotzig.com\/wp-content\/uploads\/2024\/02\/david-trotzig_psicoterapeuta-logo.png","type":"image\/png"}],"twitter_card":"summary_large_image","schema":{"@context":"https:\/\/schema.org","@graph":[{"@type":"WebPage","@id":"https:\/\/davidtrotzig.com\/ca\/terapies\/tractament-per-a-lestres-posttraumatic-simple-o-complex\/","url":"https:\/\/davidtrotzig.com\/ca\/terapies\/tractament-per-a-lestres-posttraumatic-simple-o-complex\/","name":"Tractament per a l'estr\u00e8s posttraum\u00e0tic, simple o complex - David Trotzig","isPartOf":{"@id":"https:\/\/davidtrotzig.com\/ca\/#website"},"primaryImageOfPage":{"@id":"https:\/\/davidtrotzig.com\/ca\/terapies\/tractament-per-a-lestres-posttraumatic-simple-o-complex\/#primaryimage"},"image":{"@id":"https:\/\/davidtrotzig.com\/ca\/terapies\/tractament-per-a-lestres-posttraumatic-simple-o-complex\/#primaryimage"},"thumbnailUrl":"https:\/\/davidtrotzig.com\/wp-content\/uploads\/2024\/03\/david-trotzig_depresion.jpeg","datePublished":"2024-03-04T17:40:38+00:00","dateModified":"2024-03-04T17:40:38+00:00","breadcrumb":{"@id":"https:\/\/davidtrotzig.com\/ca\/terapies\/tractament-per-a-lestres-posttraumatic-simple-o-complex\/#breadcrumb"},"inLanguage":"ca","potentialAction":[{"@type":"ReadAction","target":["https:\/\/davidtrotzig.com\/ca\/terapies\/tractament-per-a-lestres-posttraumatic-simple-o-complex\/"]}]},{"@type":"ImageObject","inLanguage":"ca","@id":"https:\/\/davidtrotzig.com\/ca\/terapies\/tractament-per-a-lestres-posttraumatic-simple-o-complex\/#primaryimage","url":"https:\/\/davidtrotzig.com\/wp-content\/uploads\/2024\/03\/david-trotzig_depresion.jpeg","contentUrl":"https:\/\/davidtrotzig.com\/wp-content\/uploads\/2024\/03\/david-trotzig_depresion.jpeg","width":538,"height":495},{"@type":"BreadcrumbList","@id":"https:\/\/davidtrotzig.com\/ca\/terapies\/tractament-per-a-lestres-posttraumatic-simple-o-complex\/#breadcrumb","itemListElement":[{"@type":"ListItem","position":1,"name":"Portada","item":"https:\/\/davidtrotzig.com\/ca\/"},{"@type":"ListItem","position":2,"name":"Terapies","item":"https:\/\/davidtrotzig.com\/ca\/terapies\/"},{"@type":"ListItem","position":3,"name":"Tractament per a l&#8217;estr\u00e8s posttraum\u00e0tic, simple o complex"}]},{"@type":"WebSite","@id":"https:\/\/davidtrotzig.com\/ca\/#website","url":"https:\/\/davidtrotzig.com\/ca\/","name":"David Trotzig","description":"Psicoterapeuta especializado en terapia del trauma y terapia psicocorporal","potentialAction":[{"@type":"SearchAction","target":{"@type":"EntryPoint","urlTemplate":"https:\/\/davidtrotzig.com\/ca\/?s={search_term_string}"},"query-input":"required name=search_term_string"}],"inLanguage":"ca"}]}},"_links":{"self":[{"href":"https:\/\/davidtrotzig.com\/ca\/wp-json\/wp\/v2\/terapias\/748","targetHints":{"allow":["GET"]}}],"collection":[{"href":"https:\/\/davidtrotzig.com\/ca\/wp-json\/wp\/v2\/terapias"}],"about":[{"href":"https:\/\/davidtrotzig.com\/ca\/wp-json\/wp\/v2\/types\/terapias"}],"wp:featuredmedia":[{"embeddable":true,"href":"https:\/\/davidtrotzig.com\/ca\/wp-json\/wp\/v2\/media\/656"}],"wp:attachment":[{"href":"https:\/\/davidtrotzig.com\/ca\/wp-json\/wp\/v2\/media?parent=748"}],"curies":[{"name":"wp","href":"https:\/\/api.w.org\/{rel}","templated":true}]}}

Tractament per a l&#8217;estrès posttraumàtic, simple o complex

<p>Els esdeveniments traumàtics com accidents, mort de persones properes, parts difícils, pèrdues importants, etc., poden causar el fenomen anomenat estrès posttraumàtic (TEPT). Amb els coneixements i les eines terapèutiques adequades, això es pot tractar amb relativa facilitat, per exemple amb EMDR. Els esdeveniments traumàtics ocorreguts durant la infància i de forma repetitiva presenten més dificultats. Quan és prou greu podem parlar d&#8217;Estrès posttraumàtic complex (TEPT-C) i el tractament difereix molt del TEPT simple. Tot i que l&#8217;EMDR continua sent una eina molt valuosa, es treballa amb una combinació de diverses tècniques que requereixen molta experiència en el seu ús i tenint en compte un procés que pot ser llarg i delicat.</p>

<!-- This site is optimized with the Yoast SEO plugin v22.6 - https://yoast.com/wordpress/plugins/seo/ -->
<title>Tractament per a l&#039;estrès posttraumàtic, simple o complex - David Trotzig</title>
<meta name="robots" content="index, follow, max-snippet:-1, max-image-preview:large, max-video-preview:-1" />
<link rel="canonical" href="https://davidtrotzig.com/ca/terapies/tractament-per-a-lestres-posttraumatic-simple-o-complex/" />
<meta property="og:locale" content="ca_ES" />
<meta property="og:type" content="article" />
<meta property="og:title" content="Tractament per a l&#039;estrès posttraumàtic, simple o complex - David Trotzig" />
<meta property="og:description" content="Els esdeveniments traumàtics com accidents, mort de persones properes, parts difícils, pèrdues importants, etc., poden causar el fenomen anomenat estrès posttraumàtic (TEPT). Amb els coneixements i les eines terapèutiques adequades, això es pot tractar amb relativa facilitat, per exemple amb EMDR. Els esdeveniments traumàtics ocorreguts durant la infància i de forma repetitiva presenten més dificultats. Quan és prou greu podem parlar d&#039;Estrès posttraumàtic complex (TEPT-C) i el tractament difereix molt del TEPT simple. Tot i que l&#039;EMDR continua sent una eina molt valuosa, es treballa amb una combinació de diverses tècniques que requereixen molta experiència en el seu ús i tenint en compte un procés que pot ser llarg i delicat." />
<meta property="og:url" content="https://davidtrotzig.com/ca/terapies/tractament-per-a-lestres-posttraumatic-simple-o-complex/" />
<meta property="og:site_name" content="David Trotzig" />
<meta property="og:image" content="https://davidtrotzig.com/wp-content/uploads/2024/02/david-trotzig_psicoterapeuta-logo.png" />
	<meta property="og:image:width" content="1408" />
	<meta property="og:image:height" content="391" />
	<meta property="og:image:type" content="image/png" />
<meta name="twitter:card" content="summary_large_image" />
<script type="application/ld+json" class="yoast-schema-graph">{"@context":"https://schema.org","@graph":[{"@type":"WebPage","@id":"https://davidtrotzig.com/ca/terapies/tractament-per-a-lestres-posttraumatic-simple-o-complex/","url":"https://davidtrotzig.com/ca/terapies/tractament-per-a-lestres-posttraumatic-simple-o-complex/","name":"Tractament per a l'estrès posttraumàtic, simple o complex - David Trotzig","isPartOf":{"@id":"https://davidtrotzig.com/ca/#website"},"primaryImageOfPage":{"@id":"https://davidtrotzig.com/ca/terapies/tractament-per-a-lestres-posttraumatic-simple-o-complex/#primaryimage"},"image":{"@id":"https://davidtrotzig.com/ca/terapies/tractament-per-a-lestres-posttraumatic-simple-o-complex/#primaryimage"},"thumbnailUrl":"https://davidtrotzig.com/wp-content/uploads/2024/03/david-trotzig_depresion.jpeg","datePublished":"2024-03-04T17:40:38+00:00","dateModified":"2024-03-04T17:40:38+00:00","breadcrumb":{"@id":"https://davidtrotzig.com/ca/terapies/tractament-per-a-lestres-posttraumatic-simple-o-complex/#breadcrumb"},"inLanguage":"ca","potentialAction":[{"@type":"ReadAction","target":["https://davidtrotzig.com/ca/terapies/tractament-per-a-lestres-posttraumatic-simple-o-complex/"]}]},{"@type":"ImageObject","inLanguage":"ca","@id":"https://davidtrotzig.com/ca/terapies/tractament-per-a-lestres-posttraumatic-simple-o-complex/#primaryimage","url":"https://davidtrotzig.com/wp-content/uploads/2024/03/david-trotzig_depresion.jpeg","contentUrl":"https://davidtrotzig.com/wp-content/uploads/2024/03/david-trotzig_depresion.jpeg","width":538,"height":495},{"@type":"BreadcrumbList","@id":"https://davidtrotzig.com/ca/terapies/tractament-per-a-lestres-posttraumatic-simple-o-complex/#breadcrumb","itemListElement":[{"@type":"ListItem","position":1,"name":"Portada","item":"https://davidtrotzig.com/ca/"},{"@type":"ListItem","position":2,"name":"Terapies","item":"https://davidtrotzig.com/ca/terapies/"},{"@type":"ListItem","position":3,"name":"Tractament per a l&#8217;estrès posttraumàtic, simple o complex"}]},{"@type":"WebSite","@id":"https://davidtrotzig.com/ca/#website","url":"https://davidtrotzig.com/ca/","name":"David Trotzig","description":"Psicoterapeuta especializado en terapia del trauma y terapia psicocorporal","potentialAction":[{"@type":"SearchAction","target":{"@type":"EntryPoint","urlTemplate":"https://davidtrotzig.com/ca/?s={search_term_string}"},"query-input":"required name=search_term_string"}],"inLanguage":"ca"}]}</script>
<!-- / Yoast SEO plugin. -->

Tractament per a l'estrès posttraumàtic, simple o complex - David Trotzig

Els esdeveniments traumàtics com accidents, mort de persones properes, parts difícils, pèrdues importants, etc., poden causar el fenomen anomenat estrès posttraumàtic (TEPT). Amb els coneixements i les eines terapèutiques adequades, això es pot tractar amb relativa facilitat, per exemple amb EMDR. Els esdeveniments traumàtics ocorreguts durant la infància i de forma repetitiva presenten més dificultats. Quan és prou greu podem parlar d'Estrès posttraumàtic complex (TEPT-C) i el tractament difereix molt del TEPT simple. Tot i que l'EMDR continua sent una eina molt valuosa, es treballa amb una combinació de diverses tècniques que requereixen molta experiència en el seu ús i tenint en compte un procés que pot ser llarg i delicat.
