{"id":750,"date":"2024-03-04T18:54:22","date_gmt":"2024-03-04T17:54:22","guid":{"rendered":"https:\/\/davidtrotzig.com\/terapias\/latencio-en-crisi\/"},"modified":"2024-05-20T16:25:30","modified_gmt":"2024-05-20T14:25:30","slug":"latencio-en-crisi","status":"publish","type":"terapias","link":"https:\/\/davidtrotzig.com\/ca\/terapies\/latencio-en-crisi\/","title":{"rendered":"L&#8217;atenci\u00f3 en crisi"},"content":{"rendered":"","protected":false},"excerpt":{"rendered":"<p>L&#8217;atenci\u00f3 en crisi \u00e9s una ter\u00e0pia curta i intensiva que t\u00e9 com a objectiu recolzar i ajudar la persona a superar una crisi que a ella sola li costa dominar. Potser est\u00e0 patint una crisi d&#8217;ansietat, hagi tingut problemes a la feina, hagi perdut un \u00e9sser estimat o patit una separaci\u00f3. Aix\u00ed mateix, pot ser que estigui molt desanimada sense raons aparents o haver passat per alguna experi\u00e8ncia dif\u00edcil de superar com un accident de tr\u00e0nsit, un robatori o un altre tipus d&#8217;esdeveniment traum\u00e0tic.<\/p>\n","protected":false},"featured_media":628,"template":"","class_list":["post-750","terapias","type-terapias","status-publish","has-post-thumbnail","hentry"],"yoast_head":"<!-- This site is optimized with the Yoast SEO plugin v22.6 - https:\/\/yoast.com\/wordpress\/plugins\/seo\/ -->\n<title>L&#039;atenci\u00f3 en crisi - David Trotzig<\/title>\n<meta name=\"robots\" content=\"index, follow, max-snippet:-1, max-image-preview:large, max-video-preview:-1\" \/>\n<link rel=\"canonical\" href=\"https:\/\/davidtrotzig.com\/ca\/terapies\/latencio-en-crisi\/\" \/>\n<meta property=\"og:locale\" content=\"ca_ES\" \/>\n<meta property=\"og:type\" content=\"article\" \/>\n<meta property=\"og:title\" content=\"L&#039;atenci\u00f3 en crisi - David Trotzig\" \/>\n<meta property=\"og:description\" content=\"L&#039;atenci\u00f3 en crisi \u00e9s una ter\u00e0pia curta i intensiva que t\u00e9 com a objectiu recolzar i ajudar la persona a superar una crisi que a ella sola li costa dominar. Potser est\u00e0 patint una crisi d&#039;ansietat, hagi tingut problemes a la feina, hagi perdut un \u00e9sser estimat o patit una separaci\u00f3. Aix\u00ed mateix, pot ser que estigui molt desanimada sense raons aparents o haver passat per alguna experi\u00e8ncia dif\u00edcil de superar com un accident de tr\u00e0nsit, un robatori o un altre tipus d&#039;esdeveniment traum\u00e0tic.\" \/>\n<meta property=\"og:url\" content=\"https:\/\/davidtrotzig.com\/ca\/terapies\/latencio-en-crisi\/\" \/>\n<meta property=\"og:site_name\" content=\"David Trotzig\" \/>\n<meta property=\"article:modified_time\" content=\"2024-05-20T14:25:30+00:00\" \/>\n<meta property=\"og:image\" content=\"https:\/\/davidtrotzig.com\/wp-content\/uploads\/2024\/03\/david-trotzig_atencion-crisis.jpg\" \/>\n\t<meta property=\"og:image:width\" content=\"910\" \/>\n\t<meta property=\"og:image:height\" content=\"900\" \/>\n\t<meta property=\"og:image:type\" content=\"image\/jpeg\" \/>\n<meta name=\"twitter:card\" content=\"summary_large_image\" \/>\n<script type=\"application\/ld+json\" class=\"yoast-schema-graph\">{\"@context\":\"https:\/\/schema.org\",\"@graph\":[{\"@type\":\"WebPage\",\"@id\":\"https:\/\/davidtrotzig.com\/ca\/terapies\/latencio-en-crisi\/\",\"url\":\"https:\/\/davidtrotzig.com\/ca\/terapies\/latencio-en-crisi\/\",\"name\":\"L'atenci\u00f3 en crisi - David Trotzig\",\"isPartOf\":{\"@id\":\"https:\/\/davidtrotzig.com\/ca\/#website\"},\"primaryImageOfPage\":{\"@id\":\"https:\/\/davidtrotzig.com\/ca\/terapies\/latencio-en-crisi\/#primaryimage\"},\"image\":{\"@id\":\"https:\/\/davidtrotzig.com\/ca\/terapies\/latencio-en-crisi\/#primaryimage\"},\"thumbnailUrl\":\"https:\/\/davidtrotzig.com\/wp-content\/uploads\/2024\/03\/david-trotzig_atencion-crisis.jpg\",\"datePublished\":\"2024-03-04T17:54:22+00:00\",\"dateModified\":\"2024-05-20T14:25:30+00:00\",\"breadcrumb\":{\"@id\":\"https:\/\/davidtrotzig.com\/ca\/terapies\/latencio-en-crisi\/#breadcrumb\"},\"inLanguage\":\"ca\",\"potentialAction\":[{\"@type\":\"ReadAction\",\"target\":[\"https:\/\/davidtrotzig.com\/ca\/terapies\/latencio-en-crisi\/\"]}]},{\"@type\":\"ImageObject\",\"inLanguage\":\"ca\",\"@id\":\"https:\/\/davidtrotzig.com\/ca\/terapies\/latencio-en-crisi\/#primaryimage\",\"url\":\"https:\/\/davidtrotzig.com\/wp-content\/uploads\/2024\/03\/david-trotzig_atencion-crisis.jpg\",\"contentUrl\":\"https:\/\/davidtrotzig.com\/wp-content\/uploads\/2024\/03\/david-trotzig_atencion-crisis.jpg\",\"width\":910,\"height\":900},{\"@type\":\"BreadcrumbList\",\"@id\":\"https:\/\/davidtrotzig.com\/ca\/terapies\/latencio-en-crisi\/#breadcrumb\",\"itemListElement\":[{\"@type\":\"ListItem\",\"position\":1,\"name\":\"Portada\",\"item\":\"https:\/\/davidtrotzig.com\/ca\/\"},{\"@type\":\"ListItem\",\"position\":2,\"name\":\"Terapies\",\"item\":\"https:\/\/davidtrotzig.com\/ca\/terapies\/\"},{\"@type\":\"ListItem\",\"position\":3,\"name\":\"L&#8217;atenci\u00f3 en crisi\"}]},{\"@type\":\"WebSite\",\"@id\":\"https:\/\/davidtrotzig.com\/ca\/#website\",\"url\":\"https:\/\/davidtrotzig.com\/ca\/\",\"name\":\"David Trotzig\",\"description\":\"Psicoterapeuta especializado en terapia del trauma y terapia psicocorporal\",\"potentialAction\":[{\"@type\":\"SearchAction\",\"target\":{\"@type\":\"EntryPoint\",\"urlTemplate\":\"https:\/\/davidtrotzig.com\/ca\/?s={search_term_string}\"},\"query-input\":\"required name=search_term_string\"}],\"inLanguage\":\"ca\"}]}<\/script>\n<!-- \/ Yoast SEO plugin. -->","yoast_head_json":{"title":"L'atenci\u00f3 en crisi - David Trotzig","robots":{"index":"index","follow":"follow","max-snippet":"max-snippet:-1","max-image-preview":"max-image-preview:large","max-video-preview":"max-video-preview:-1"},"canonical":"https:\/\/davidtrotzig.com\/ca\/terapies\/latencio-en-crisi\/","og_locale":"ca_ES","og_type":"article","og_title":"L'atenci\u00f3 en crisi - David Trotzig","og_description":"L'atenci\u00f3 en crisi \u00e9s una ter\u00e0pia curta i intensiva que t\u00e9 com a objectiu recolzar i ajudar la persona a superar una crisi que a ella sola li costa dominar. Potser est\u00e0 patint una crisi d'ansietat, hagi tingut problemes a la feina, hagi perdut un \u00e9sser estimat o patit una separaci\u00f3. Aix\u00ed mateix, pot ser que estigui molt desanimada sense raons aparents o haver passat per alguna experi\u00e8ncia dif\u00edcil de superar com un accident de tr\u00e0nsit, un robatori o un altre tipus d'esdeveniment traum\u00e0tic.","og_url":"https:\/\/davidtrotzig.com\/ca\/terapies\/latencio-en-crisi\/","og_site_name":"David Trotzig","article_modified_time":"2024-05-20T14:25:30+00:00","og_image":[{"width":910,"height":900,"url":"https:\/\/davidtrotzig.com\/wp-content\/uploads\/2024\/03\/david-trotzig_atencion-crisis.jpg","type":"image\/jpeg"}],"twitter_card":"summary_large_image","schema":{"@context":"https:\/\/schema.org","@graph":[{"@type":"WebPage","@id":"https:\/\/davidtrotzig.com\/ca\/terapies\/latencio-en-crisi\/","url":"https:\/\/davidtrotzig.com\/ca\/terapies\/latencio-en-crisi\/","name":"L'atenci\u00f3 en crisi - David Trotzig","isPartOf":{"@id":"https:\/\/davidtrotzig.com\/ca\/#website"},"primaryImageOfPage":{"@id":"https:\/\/davidtrotzig.com\/ca\/terapies\/latencio-en-crisi\/#primaryimage"},"image":{"@id":"https:\/\/davidtrotzig.com\/ca\/terapies\/latencio-en-crisi\/#primaryimage"},"thumbnailUrl":"https:\/\/davidtrotzig.com\/wp-content\/uploads\/2024\/03\/david-trotzig_atencion-crisis.jpg","datePublished":"2024-03-04T17:54:22+00:00","dateModified":"2024-05-20T14:25:30+00:00","breadcrumb":{"@id":"https:\/\/davidtrotzig.com\/ca\/terapies\/latencio-en-crisi\/#breadcrumb"},"inLanguage":"ca","potentialAction":[{"@type":"ReadAction","target":["https:\/\/davidtrotzig.com\/ca\/terapies\/latencio-en-crisi\/"]}]},{"@type":"ImageObject","inLanguage":"ca","@id":"https:\/\/davidtrotzig.com\/ca\/terapies\/latencio-en-crisi\/#primaryimage","url":"https:\/\/davidtrotzig.com\/wp-content\/uploads\/2024\/03\/david-trotzig_atencion-crisis.jpg","contentUrl":"https:\/\/davidtrotzig.com\/wp-content\/uploads\/2024\/03\/david-trotzig_atencion-crisis.jpg","width":910,"height":900},{"@type":"BreadcrumbList","@id":"https:\/\/davidtrotzig.com\/ca\/terapies\/latencio-en-crisi\/#breadcrumb","itemListElement":[{"@type":"ListItem","position":1,"name":"Portada","item":"https:\/\/davidtrotzig.com\/ca\/"},{"@type":"ListItem","position":2,"name":"Terapies","item":"https:\/\/davidtrotzig.com\/ca\/terapies\/"},{"@type":"ListItem","position":3,"name":"L&#8217;atenci\u00f3 en crisi"}]},{"@type":"WebSite","@id":"https:\/\/davidtrotzig.com\/ca\/#website","url":"https:\/\/davidtrotzig.com\/ca\/","name":"David Trotzig","description":"Psicoterapeuta especializado en terapia del trauma y terapia psicocorporal","potentialAction":[{"@type":"SearchAction","target":{"@type":"EntryPoint","urlTemplate":"https:\/\/davidtrotzig.com\/ca\/?s={search_term_string}"},"query-input":"required name=search_term_string"}],"inLanguage":"ca"}]}},"_links":{"self":[{"href":"https:\/\/davidtrotzig.com\/ca\/wp-json\/wp\/v2\/terapias\/750","targetHints":{"allow":["GET"]}}],"collection":[{"href":"https:\/\/davidtrotzig.com\/ca\/wp-json\/wp\/v2\/terapias"}],"about":[{"href":"https:\/\/davidtrotzig.com\/ca\/wp-json\/wp\/v2\/types\/terapias"}],"wp:featuredmedia":[{"embeddable":true,"href":"https:\/\/davidtrotzig.com\/ca\/wp-json\/wp\/v2\/media\/628"}],"wp:attachment":[{"href":"https:\/\/davidtrotzig.com\/ca\/wp-json\/wp\/v2\/media?parent=750"}],"curies":[{"name":"wp","href":"https:\/\/api.w.org\/{rel}","templated":true}]}}

L&#8217;atenció en crisi

<p>L&#8217;atenció en crisi és una teràpia curta i intensiva que té com a objectiu recolzar i ajudar la persona a superar una crisi que a ella sola li costa dominar. Potser està patint una crisi d&#8217;ansietat, hagi tingut problemes a la feina, hagi perdut un ésser estimat o patit una separació. Així mateix, pot ser que estigui molt desanimada sense raons aparents o haver passat per alguna experiència difícil de superar com un accident de trànsit, un robatori o un altre tipus d&#8217;esdeveniment traumàtic.</p>

<!-- This site is optimized with the Yoast SEO plugin v22.6 - https://yoast.com/wordpress/plugins/seo/ -->
<title>L&#039;atenció en crisi - David Trotzig</title>
<meta name="robots" content="index, follow, max-snippet:-1, max-image-preview:large, max-video-preview:-1" />
<link rel="canonical" href="https://davidtrotzig.com/ca/terapies/latencio-en-crisi/" />
<meta property="og:locale" content="ca_ES" />
<meta property="og:type" content="article" />
<meta property="og:title" content="L&#039;atenció en crisi - David Trotzig" />
<meta property="og:description" content="L&#039;atenció en crisi és una teràpia curta i intensiva que té com a objectiu recolzar i ajudar la persona a superar una crisi que a ella sola li costa dominar. Potser està patint una crisi d&#039;ansietat, hagi tingut problemes a la feina, hagi perdut un ésser estimat o patit una separació. Així mateix, pot ser que estigui molt desanimada sense raons aparents o haver passat per alguna experiència difícil de superar com un accident de trànsit, un robatori o un altre tipus d&#039;esdeveniment traumàtic." />
<meta property="og:url" content="https://davidtrotzig.com/ca/terapies/latencio-en-crisi/" />
<meta property="og:site_name" content="David Trotzig" />
<meta property="article:modified_time" content="2024-05-20T14:25:30+00:00" />
<meta property="og:image" content="https://davidtrotzig.com/wp-content/uploads/2024/03/david-trotzig_atencion-crisis.jpg" />
	<meta property="og:image:width" content="910" />
	<meta property="og:image:height" content="900" />
	<meta property="og:image:type" content="image/jpeg" />
<meta name="twitter:card" content="summary_large_image" />
<script type="application/ld+json" class="yoast-schema-graph">{"@context":"https://schema.org","@graph":[{"@type":"WebPage","@id":"https://davidtrotzig.com/ca/terapies/latencio-en-crisi/","url":"https://davidtrotzig.com/ca/terapies/latencio-en-crisi/","name":"L'atenció en crisi - David Trotzig","isPartOf":{"@id":"https://davidtrotzig.com/ca/#website"},"primaryImageOfPage":{"@id":"https://davidtrotzig.com/ca/terapies/latencio-en-crisi/#primaryimage"},"image":{"@id":"https://davidtrotzig.com/ca/terapies/latencio-en-crisi/#primaryimage"},"thumbnailUrl":"https://davidtrotzig.com/wp-content/uploads/2024/03/david-trotzig_atencion-crisis.jpg","datePublished":"2024-03-04T17:54:22+00:00","dateModified":"2024-05-20T14:25:30+00:00","breadcrumb":{"@id":"https://davidtrotzig.com/ca/terapies/latencio-en-crisi/#breadcrumb"},"inLanguage":"ca","potentialAction":[{"@type":"ReadAction","target":["https://davidtrotzig.com/ca/terapies/latencio-en-crisi/"]}]},{"@type":"ImageObject","inLanguage":"ca","@id":"https://davidtrotzig.com/ca/terapies/latencio-en-crisi/#primaryimage","url":"https://davidtrotzig.com/wp-content/uploads/2024/03/david-trotzig_atencion-crisis.jpg","contentUrl":"https://davidtrotzig.com/wp-content/uploads/2024/03/david-trotzig_atencion-crisis.jpg","width":910,"height":900},{"@type":"BreadcrumbList","@id":"https://davidtrotzig.com/ca/terapies/latencio-en-crisi/#breadcrumb","itemListElement":[{"@type":"ListItem","position":1,"name":"Portada","item":"https://davidtrotzig.com/ca/"},{"@type":"ListItem","position":2,"name":"Terapies","item":"https://davidtrotzig.com/ca/terapies/"},{"@type":"ListItem","position":3,"name":"L&#8217;atenció en crisi"}]},{"@type":"WebSite","@id":"https://davidtrotzig.com/ca/#website","url":"https://davidtrotzig.com/ca/","name":"David Trotzig","description":"Psicoterapeuta especializado en terapia del trauma y terapia psicocorporal","potentialAction":[{"@type":"SearchAction","target":{"@type":"EntryPoint","urlTemplate":"https://davidtrotzig.com/ca/?s={search_term_string}"},"query-input":"required name=search_term_string"}],"inLanguage":"ca"}]}</script>
<!-- / Yoast SEO plugin. -->

L'atenció en crisi - David Trotzig

L'atenció en crisi és una teràpia curta i intensiva que té com a objectiu recolzar i ajudar la persona a superar una crisi que a ella sola li costa dominar. Potser està patint una crisi d'ansietat, hagi tingut problemes a la feina, hagi perdut un ésser estimat o patit una separació. Així mateix, pot ser que estigui molt desanimada sense raons aparents o haver passat per alguna experiència difícil de superar com un accident de trànsit, un robatori o un altre tipus d'esdeveniment traumàtic.
