{"id":754,"date":"2024-03-05T16:02:01","date_gmt":"2024-03-05T15:02:01","guid":{"rendered":"https:\/\/davidtrotzig.com\/problemas-y-trastornos\/depressio\/"},"modified":"2024-06-20T17:24:15","modified_gmt":"2024-06-20T15:24:15","slug":"depressio","status":"publish","type":"trastornos","link":"https:\/\/davidtrotzig.com\/ca\/problemes-transtorns\/depressio\/","title":{"rendered":"Depressi\u00f3"},"content":{"rendered":"\n<h3 class=\"wp-block-heading\">Perspectiva M\u00e8dica vs. Teories Psicol\u00f2giques<\/h3>\n\n<p>Des de la medicina tradicional, la depressi\u00f3 es considera un problema relacionat amb la qu\u00edmica interna del cervell, tractable nom\u00e9s amb medicaci\u00f3. No obstant aix\u00f2, hi ha teories psicol\u00f2giques que expliquen el fenomen i com es pot curar. A la meva experi\u00e8ncia, la causa principal de la depressi\u00f3 s\u00f3n els conflictes interns i inconscients que la persona no sap com resoldre.<\/p>\n\n<h3 class=\"wp-block-heading\">L&#8217;Estructura Adaptativa Defensiva<\/h3>\n\n<p>Des de petits, constru\u00efm una estructura adaptativa defensiva. Aquesta &#8220;cuirassa&#8221; ens protegeix de perills interns (pors i compulsions) i externs. Aquesta estructura ens d\u00f3na estabilitat, per\u00f2 es pot descompensar en situacions d&#8217;estr\u00e8s perllongat o esdeveniments traum\u00e0tics.<\/p>\n\n<h3 class=\"wp-block-heading\">Conflictes Interns a la Depressi\u00f3<\/h3>\n\n<p>Quan l&#8217;estructura es descompensa, afloren els conflictes interns. A la depressi\u00f3, la lluita entre la part impulsiva (r\u00e0bia reprimida) i la part reguladora de la personalitat \u00e9s comuna. L&#8217;impuls queda inhibit perqu\u00e8 la persona, inconscientment, creu que actuar \u00e9s perill\u00f3s o \u00e9s prohibit. Aix\u00f2 pot resultar en par\u00e0lisi de motivacions, sensacions de buit, ansietat i angoixa. Altres causes profundes poden incloure por a l&#8217;aband\u00f3 i l&#8217;autoestima baixa.<\/p>\n\n<h3 class=\"wp-block-heading\">Enfocament Terap\u00e8utic<\/h3>\n\n<p>La ter\u00e0pia es basa en identificar les fonts dels conflictes inconscients, generalment sorgits a la inf\u00e0ncia, i aplicar t\u00e8cniques psicoterap\u00e8utiques per resoldre&#8217;ls. La medicaci\u00f3 no \u00e9s incompatible amb la psicoter\u00e0pia i de vegades \u00e9s necess\u00e0ria perqu\u00e8 el pacient tingui prou energia per a la ter\u00e0pia i un dia a dia suportable.<\/p>\n\n<h3 class=\"wp-block-heading\">Proc\u00e9s de Recuperaci\u00f3<\/h3>\n\n<p>A mesura que els s\u00edmptomes disminueixen, es redueix la medicaci\u00f3 fins que ja no calgui. L&#8217;objectiu \u00e9s que la persona pugui viure en llibertat i en tranquil\u00b7litat.<\/p>\n","protected":false},"excerpt":{"rendered":"<p>El s\u00edmptoma m\u00e9s caracter\u00edstic de la depressi\u00f3 \u00e9s que persona se sent enfonsada, paralitzada, com si tingu\u00e9s un pes angoixant que inhib\u00eds la seva vitalitat impossibilitant-lo per viure en plenitud.<\/p>\n","protected":false},"featured_media":656,"template":"","class_list":["post-754","trastornos","type-trastornos","status-publish","has-post-thumbnail","hentry"],"yoast_head":"<!-- This site is optimized with the Yoast SEO plugin v22.6 - https:\/\/yoast.com\/wordpress\/plugins\/seo\/ -->\n<title>Depressi\u00f3 - David Trotzig<\/title>\n<meta name=\"description\" content=\"Identificar i resoldre conflictes inconscients \u00e9s clau per superar la depressi\u00f3 i assolir l&#039;estabilitat emocional. Explorar com els conflictes interns i inconscients poden ser la causa principal de la depressi\u00f3 i com la ter\u00e0pia psicoterap\u00e8utica, complementada ocasionalment amb medicaci\u00f3, pot ajudar a resoldre aquests conflictes i assolir l&#039;estabilitat emocional.\" \/>\n<meta name=\"robots\" content=\"index, follow, max-snippet:-1, max-image-preview:large, max-video-preview:-1\" \/>\n<link rel=\"canonical\" href=\"https:\/\/davidtrotzig.com\/ca\/problemes-transtorns\/depressio\/\" \/>\n<meta property=\"og:locale\" content=\"ca_ES\" \/>\n<meta property=\"og:type\" content=\"article\" \/>\n<meta property=\"og:title\" content=\"Depressi\u00f3 - David Trotzig\" \/>\n<meta property=\"og:description\" content=\"Identificar i resoldre conflictes inconscients \u00e9s clau per superar la depressi\u00f3 i assolir l&#039;estabilitat emocional. Explorar com els conflictes interns i inconscients poden ser la causa principal de la depressi\u00f3 i com la ter\u00e0pia psicoterap\u00e8utica, complementada ocasionalment amb medicaci\u00f3, pot ajudar a resoldre aquests conflictes i assolir l&#039;estabilitat emocional.\" \/>\n<meta property=\"og:url\" content=\"https:\/\/davidtrotzig.com\/ca\/problemes-transtorns\/depressio\/\" \/>\n<meta property=\"og:site_name\" content=\"David Trotzig\" \/>\n<meta property=\"article:modified_time\" content=\"2024-06-20T15:24:15+00:00\" \/>\n<meta property=\"og:image\" content=\"https:\/\/davidtrotzig.com\/wp-content\/uploads\/2024\/03\/david-trotzig_depresion.jpeg\" \/>\n\t<meta property=\"og:image:width\" content=\"538\" \/>\n\t<meta property=\"og:image:height\" content=\"495\" \/>\n\t<meta property=\"og:image:type\" content=\"image\/jpeg\" \/>\n<meta name=\"twitter:card\" content=\"summary_large_image\" \/>\n<meta name=\"twitter:label1\" content=\"Temps estimat de lectura\" \/>\n\t<meta name=\"twitter:data1\" content=\"1 minut\" \/>\n<script type=\"application\/ld+json\" class=\"yoast-schema-graph\">{\"@context\":\"https:\/\/schema.org\",\"@graph\":[{\"@type\":\"WebPage\",\"@id\":\"https:\/\/davidtrotzig.com\/ca\/problemes-transtorns\/depressio\/\",\"url\":\"https:\/\/davidtrotzig.com\/ca\/problemes-transtorns\/depressio\/\",\"name\":\"Depressi\u00f3 - David Trotzig\",\"isPartOf\":{\"@id\":\"https:\/\/davidtrotzig.com\/ca\/#website\"},\"primaryImageOfPage\":{\"@id\":\"https:\/\/davidtrotzig.com\/ca\/problemes-transtorns\/depressio\/#primaryimage\"},\"image\":{\"@id\":\"https:\/\/davidtrotzig.com\/ca\/problemes-transtorns\/depressio\/#primaryimage\"},\"thumbnailUrl\":\"https:\/\/davidtrotzig.com\/wp-content\/uploads\/2024\/03\/david-trotzig_depresion.jpeg\",\"datePublished\":\"2024-03-05T15:02:01+00:00\",\"dateModified\":\"2024-06-20T15:24:15+00:00\",\"description\":\"Identificar i resoldre conflictes inconscients \u00e9s clau per superar la depressi\u00f3 i assolir l'estabilitat emocional. Explorar com els conflictes interns i inconscients poden ser la causa principal de la depressi\u00f3 i com la ter\u00e0pia psicoterap\u00e8utica, complementada ocasionalment amb medicaci\u00f3, pot ajudar a resoldre aquests conflictes i assolir l'estabilitat emocional.\",\"breadcrumb\":{\"@id\":\"https:\/\/davidtrotzig.com\/ca\/problemes-transtorns\/depressio\/#breadcrumb\"},\"inLanguage\":\"ca\",\"potentialAction\":[{\"@type\":\"ReadAction\",\"target\":[\"https:\/\/davidtrotzig.com\/ca\/problemes-transtorns\/depressio\/\"]}]},{\"@type\":\"ImageObject\",\"inLanguage\":\"ca\",\"@id\":\"https:\/\/davidtrotzig.com\/ca\/problemes-transtorns\/depressio\/#primaryimage\",\"url\":\"https:\/\/davidtrotzig.com\/wp-content\/uploads\/2024\/03\/david-trotzig_depresion.jpeg\",\"contentUrl\":\"https:\/\/davidtrotzig.com\/wp-content\/uploads\/2024\/03\/david-trotzig_depresion.jpeg\",\"width\":538,\"height\":495},{\"@type\":\"BreadcrumbList\",\"@id\":\"https:\/\/davidtrotzig.com\/ca\/problemes-transtorns\/depressio\/#breadcrumb\",\"itemListElement\":[{\"@type\":\"ListItem\",\"position\":1,\"name\":\"Portada\",\"item\":\"https:\/\/davidtrotzig.com\/ca\/\"},{\"@type\":\"ListItem\",\"position\":2,\"name\":\"Transtorns\",\"item\":\"https:\/\/davidtrotzig.com\/ca\/problemes-transtorns\/\"},{\"@type\":\"ListItem\",\"position\":3,\"name\":\"Depressi\u00f3\"}]},{\"@type\":\"WebSite\",\"@id\":\"https:\/\/davidtrotzig.com\/ca\/#website\",\"url\":\"https:\/\/davidtrotzig.com\/ca\/\",\"name\":\"David Trotzig\",\"description\":\"Psicoterapeuta especializado en terapia del trauma y terapia psicocorporal\",\"potentialAction\":[{\"@type\":\"SearchAction\",\"target\":{\"@type\":\"EntryPoint\",\"urlTemplate\":\"https:\/\/davidtrotzig.com\/ca\/?s={search_term_string}\"},\"query-input\":\"required name=search_term_string\"}],\"inLanguage\":\"ca\"}]}<\/script>\n<!-- \/ Yoast SEO plugin. -->","yoast_head_json":{"title":"Depressi\u00f3 - David Trotzig","description":"Identificar i resoldre conflictes inconscients \u00e9s clau per superar la depressi\u00f3 i assolir l'estabilitat emocional. Explorar com els conflictes interns i inconscients poden ser la causa principal de la depressi\u00f3 i com la ter\u00e0pia psicoterap\u00e8utica, complementada ocasionalment amb medicaci\u00f3, pot ajudar a resoldre aquests conflictes i assolir l'estabilitat emocional.","robots":{"index":"index","follow":"follow","max-snippet":"max-snippet:-1","max-image-preview":"max-image-preview:large","max-video-preview":"max-video-preview:-1"},"canonical":"https:\/\/davidtrotzig.com\/ca\/problemes-transtorns\/depressio\/","og_locale":"ca_ES","og_type":"article","og_title":"Depressi\u00f3 - David Trotzig","og_description":"Identificar i resoldre conflictes inconscients \u00e9s clau per superar la depressi\u00f3 i assolir l'estabilitat emocional. Explorar com els conflictes interns i inconscients poden ser la causa principal de la depressi\u00f3 i com la ter\u00e0pia psicoterap\u00e8utica, complementada ocasionalment amb medicaci\u00f3, pot ajudar a resoldre aquests conflictes i assolir l'estabilitat emocional.","og_url":"https:\/\/davidtrotzig.com\/ca\/problemes-transtorns\/depressio\/","og_site_name":"David Trotzig","article_modified_time":"2024-06-20T15:24:15+00:00","og_image":[{"width":538,"height":495,"url":"https:\/\/davidtrotzig.com\/wp-content\/uploads\/2024\/03\/david-trotzig_depresion.jpeg","type":"image\/jpeg"}],"twitter_card":"summary_large_image","twitter_misc":{"Temps estimat de lectura":"1 minut"},"schema":{"@context":"https:\/\/schema.org","@graph":[{"@type":"WebPage","@id":"https:\/\/davidtrotzig.com\/ca\/problemes-transtorns\/depressio\/","url":"https:\/\/davidtrotzig.com\/ca\/problemes-transtorns\/depressio\/","name":"Depressi\u00f3 - David Trotzig","isPartOf":{"@id":"https:\/\/davidtrotzig.com\/ca\/#website"},"primaryImageOfPage":{"@id":"https:\/\/davidtrotzig.com\/ca\/problemes-transtorns\/depressio\/#primaryimage"},"image":{"@id":"https:\/\/davidtrotzig.com\/ca\/problemes-transtorns\/depressio\/#primaryimage"},"thumbnailUrl":"https:\/\/davidtrotzig.com\/wp-content\/uploads\/2024\/03\/david-trotzig_depresion.jpeg","datePublished":"2024-03-05T15:02:01+00:00","dateModified":"2024-06-20T15:24:15+00:00","description":"Identificar i resoldre conflictes inconscients \u00e9s clau per superar la depressi\u00f3 i assolir l'estabilitat emocional. Explorar com els conflictes interns i inconscients poden ser la causa principal de la depressi\u00f3 i com la ter\u00e0pia psicoterap\u00e8utica, complementada ocasionalment amb medicaci\u00f3, pot ajudar a resoldre aquests conflictes i assolir l'estabilitat emocional.","breadcrumb":{"@id":"https:\/\/davidtrotzig.com\/ca\/problemes-transtorns\/depressio\/#breadcrumb"},"inLanguage":"ca","potentialAction":[{"@type":"ReadAction","target":["https:\/\/davidtrotzig.com\/ca\/problemes-transtorns\/depressio\/"]}]},{"@type":"ImageObject","inLanguage":"ca","@id":"https:\/\/davidtrotzig.com\/ca\/problemes-transtorns\/depressio\/#primaryimage","url":"https:\/\/davidtrotzig.com\/wp-content\/uploads\/2024\/03\/david-trotzig_depresion.jpeg","contentUrl":"https:\/\/davidtrotzig.com\/wp-content\/uploads\/2024\/03\/david-trotzig_depresion.jpeg","width":538,"height":495},{"@type":"BreadcrumbList","@id":"https:\/\/davidtrotzig.com\/ca\/problemes-transtorns\/depressio\/#breadcrumb","itemListElement":[{"@type":"ListItem","position":1,"name":"Portada","item":"https:\/\/davidtrotzig.com\/ca\/"},{"@type":"ListItem","position":2,"name":"Transtorns","item":"https:\/\/davidtrotzig.com\/ca\/problemes-transtorns\/"},{"@type":"ListItem","position":3,"name":"Depressi\u00f3"}]},{"@type":"WebSite","@id":"https:\/\/davidtrotzig.com\/ca\/#website","url":"https:\/\/davidtrotzig.com\/ca\/","name":"David Trotzig","description":"Psicoterapeuta especializado en terapia del trauma y terapia psicocorporal","potentialAction":[{"@type":"SearchAction","target":{"@type":"EntryPoint","urlTemplate":"https:\/\/davidtrotzig.com\/ca\/?s={search_term_string}"},"query-input":"required name=search_term_string"}],"inLanguage":"ca"}]}},"_links":{"self":[{"href":"https:\/\/davidtrotzig.com\/ca\/wp-json\/wp\/v2\/trastornos\/754","targetHints":{"allow":["GET"]}}],"collection":[{"href":"https:\/\/davidtrotzig.com\/ca\/wp-json\/wp\/v2\/trastornos"}],"about":[{"href":"https:\/\/davidtrotzig.com\/ca\/wp-json\/wp\/v2\/types\/trastornos"}],"wp:featuredmedia":[{"embeddable":true,"href":"https:\/\/davidtrotzig.com\/ca\/wp-json\/wp\/v2\/media\/656"}],"wp:attachment":[{"href":"https:\/\/davidtrotzig.com\/ca\/wp-json\/wp\/v2\/media?parent=754"}],"curies":[{"name":"wp","href":"https:\/\/api.w.org\/{rel}","templated":true}]}}

Depressió

<h3 class="wp-block-heading">Perspectiva Mèdica vs. Teories Psicològiques</h3>

<p>Des de la medicina tradicional, la depressió es considera un problema relacionat amb la química interna del cervell, tractable només amb medicació. No obstant això, hi ha teories psicològiques que expliquen el fenomen i com es pot curar. A la meva experiència, la causa principal de la depressió són els conflictes interns i inconscients que la persona no sap com resoldre.</p>

<h3 class="wp-block-heading">L&#8217;Estructura Adaptativa Defensiva</h3>

<p>Des de petits, construïm una estructura adaptativa defensiva. Aquesta &#8220;cuirassa&#8221; ens protegeix de perills interns (pors i compulsions) i externs. Aquesta estructura ens dóna estabilitat, però es pot descompensar en situacions d&#8217;estrès perllongat o esdeveniments traumàtics.</p>

<h3 class="wp-block-heading">Conflictes Interns a la Depressió</h3>

<p>Quan l&#8217;estructura es descompensa, afloren els conflictes interns. A la depressió, la lluita entre la part impulsiva (ràbia reprimida) i la part reguladora de la personalitat és comuna. L&#8217;impuls queda inhibit perquè la persona, inconscientment, creu que actuar és perillós o és prohibit. Això pot resultar en paràlisi de motivacions, sensacions de buit, ansietat i angoixa. Altres causes profundes poden incloure por a l&#8217;abandó i l&#8217;autoestima baixa.</p>

<h3 class="wp-block-heading">Enfocament Terapèutic</h3>

<p>La teràpia es basa en identificar les fonts dels conflictes inconscients, generalment sorgits a la infància, i aplicar tècniques psicoterapèutiques per resoldre&#8217;ls. La medicació no és incompatible amb la psicoteràpia i de vegades és necessària perquè el pacient tingui prou energia per a la teràpia i un dia a dia suportable.</p>

<h3 class="wp-block-heading">Procés de Recuperació</h3>

<p>A mesura que els símptomes disminueixen, es redueix la medicació fins que ja no calgui. L&#8217;objectiu és que la persona pugui viure en llibertat i en tranquil·litat.</p>

<p>El símptoma més característic de la depressió és que persona se sent enfonsada, paralitzada, com si tingués un pes angoixant que inhibís la seva vitalitat impossibilitant-lo per viure en plenitud.</p>

<!-- This site is optimized with the Yoast SEO plugin v22.6 - https://yoast.com/wordpress/plugins/seo/ -->
<title>Depressió - David Trotzig</title>
<meta name="description" content="Identificar i resoldre conflictes inconscients és clau per superar la depressió i assolir l&#039;estabilitat emocional. Explorar com els conflictes interns i inconscients poden ser la causa principal de la depressió i com la teràpia psicoterapèutica, complementada ocasionalment amb medicació, pot ajudar a resoldre aquests conflictes i assolir l&#039;estabilitat emocional." />
<meta name="robots" content="index, follow, max-snippet:-1, max-image-preview:large, max-video-preview:-1" />
<link rel="canonical" href="https://davidtrotzig.com/ca/problemes-transtorns/depressio/" />
<meta property="og:locale" content="ca_ES" />
<meta property="og:type" content="article" />
<meta property="og:title" content="Depressió - David Trotzig" />
<meta property="og:description" content="Identificar i resoldre conflictes inconscients és clau per superar la depressió i assolir l&#039;estabilitat emocional. Explorar com els conflictes interns i inconscients poden ser la causa principal de la depressió i com la teràpia psicoterapèutica, complementada ocasionalment amb medicació, pot ajudar a resoldre aquests conflictes i assolir l&#039;estabilitat emocional." />
<meta property="og:url" content="https://davidtrotzig.com/ca/problemes-transtorns/depressio/" />
<meta property="og:site_name" content="David Trotzig" />
<meta property="article:modified_time" content="2024-06-20T15:24:15+00:00" />
<meta property="og:image" content="https://davidtrotzig.com/wp-content/uploads/2024/03/david-trotzig_depresion.jpeg" />
	<meta property="og:image:width" content="538" />
	<meta property="og:image:height" content="495" />
	<meta property="og:image:type" content="image/jpeg" />
<meta name="twitter:card" content="summary_large_image" />
<meta name="twitter:label1" content="Temps estimat de lectura" />
	<meta name="twitter:data1" content="1 minut" />
<script type="application/ld+json" class="yoast-schema-graph">{"@context":"https://schema.org","@graph":[{"@type":"WebPage","@id":"https://davidtrotzig.com/ca/problemes-transtorns/depressio/","url":"https://davidtrotzig.com/ca/problemes-transtorns/depressio/","name":"Depressió - David Trotzig","isPartOf":{"@id":"https://davidtrotzig.com/ca/#website"},"primaryImageOfPage":{"@id":"https://davidtrotzig.com/ca/problemes-transtorns/depressio/#primaryimage"},"image":{"@id":"https://davidtrotzig.com/ca/problemes-transtorns/depressio/#primaryimage"},"thumbnailUrl":"https://davidtrotzig.com/wp-content/uploads/2024/03/david-trotzig_depresion.jpeg","datePublished":"2024-03-05T15:02:01+00:00","dateModified":"2024-06-20T15:24:15+00:00","description":"Identificar i resoldre conflictes inconscients és clau per superar la depressió i assolir l'estabilitat emocional. Explorar com els conflictes interns i inconscients poden ser la causa principal de la depressió i com la teràpia psicoterapèutica, complementada ocasionalment amb medicació, pot ajudar a resoldre aquests conflictes i assolir l'estabilitat emocional.","breadcrumb":{"@id":"https://davidtrotzig.com/ca/problemes-transtorns/depressio/#breadcrumb"},"inLanguage":"ca","potentialAction":[{"@type":"ReadAction","target":["https://davidtrotzig.com/ca/problemes-transtorns/depressio/"]}]},{"@type":"ImageObject","inLanguage":"ca","@id":"https://davidtrotzig.com/ca/problemes-transtorns/depressio/#primaryimage","url":"https://davidtrotzig.com/wp-content/uploads/2024/03/david-trotzig_depresion.jpeg","contentUrl":"https://davidtrotzig.com/wp-content/uploads/2024/03/david-trotzig_depresion.jpeg","width":538,"height":495},{"@type":"BreadcrumbList","@id":"https://davidtrotzig.com/ca/problemes-transtorns/depressio/#breadcrumb","itemListElement":[{"@type":"ListItem","position":1,"name":"Portada","item":"https://davidtrotzig.com/ca/"},{"@type":"ListItem","position":2,"name":"Transtorns","item":"https://davidtrotzig.com/ca/problemes-transtorns/"},{"@type":"ListItem","position":3,"name":"Depressió"}]},{"@type":"WebSite","@id":"https://davidtrotzig.com/ca/#website","url":"https://davidtrotzig.com/ca/","name":"David Trotzig","description":"Psicoterapeuta especializado en terapia del trauma y terapia psicocorporal","potentialAction":[{"@type":"SearchAction","target":{"@type":"EntryPoint","urlTemplate":"https://davidtrotzig.com/ca/?s={search_term_string}"},"query-input":"required name=search_term_string"}],"inLanguage":"ca"}]}</script>
<!-- / Yoast SEO plugin. -->

Depressió - David Trotzig

Identificar i resoldre conflictes inconscients és clau per superar la depressió i assolir l'estabilitat emocional. Explorar com els conflictes interns i inconscients poden ser la causa principal de la depressió i com la teràpia psicoterapèutica, complementada ocasionalment amb medicació, pot ajudar a resoldre aquests conflictes i assolir l'estabilitat emocional.
