{"id":757,"date":"2024-03-05T16:08:36","date_gmt":"2024-03-05T15:08:36","guid":{"rendered":"https:\/\/davidtrotzig.com\/problemas-y-trastornos\/malalties-psicosomatiques\/"},"modified":"2024-06-12T17:32:54","modified_gmt":"2024-06-12T15:32:54","slug":"malalties-psicosomatiques","status":"publish","type":"trastornos","link":"https:\/\/davidtrotzig.com\/ca\/problemes-transtorns\/malalties-psicosomatiques\/","title":{"rendered":"Malalties psicosom\u00e0tiques"},"content":{"rendered":"\n<p>La malaltia psicosom\u00e0tica es refereix a afeccions f\u00edsiques que s\u00f3n causades o agreujades per factors emocionals i psicol\u00f2gics. En aquestes malalties, l&#8217;estr\u00e8s, l&#8217;ansietat, la depressi\u00f3 o altres emocions negatives influeixen en el cos, provocant s\u00edmptomes f\u00edsics reals com ara mals de cap, problemes gastrointestinals, hipertensi\u00f3 i dolors musculars, entre d&#8217;altres. Encara que els s\u00edmptomes s\u00f3n f\u00edsics, el seu origen \u00e9s a la ment i les emocions.<\/p>\n\n<p>Els \u00e9ssers humans tenim tot un ventall d&#8217;emocions que s&#8217;expressen de maneres diferents des de l&#8217;amor i l&#8217;afecte fins a la r\u00e0bia i l&#8217;agressivitat. Es podria dir que les emocions s\u00f3n el llenguatge que l&#8217;organisme t\u00e9 per comunicar-se sobre les necessitats, sobre si estan satisfetes o no.<\/p>\n\n<p>Quan, per raons diferents, ens hem sentit obligats a reprimir l&#8217;expressi\u00f3 de certes emocions, l&#8217;organisme es veu privat del canal natural de la seva expressi\u00f3 emocional. Aleshores busca altres vies per poder-les expressar i moltes vegades aix\u00f2 passa a trav\u00e9s del cos en forma de tensions, dolors o malalties psicosom\u00e0tiques.<\/p>\n\n<p>En un pla al\u00b7leg\u00f2ric es podria dir que les emocions han de fluir com un riu. Quan es construeix una presa, el riu queda bloquejat, per\u00f2 exerceix una pressi\u00f3 que va creixent a mesura que la quantitat d&#8217;aigua capturada augmenta. Al final la presa queda desbordada o trencada per les forces de l&#8217;aigua i es creen rierols o riuades descontrolades per altres indrets que el llit natural del riu. A l&#8217;organisme hum\u00e0, aquests rierols equivaldrien a les somatitzacions o malalties psicosom\u00e0tiques.<\/p>\n","protected":false},"excerpt":{"rendered":"<p>La psicosom\u00e0tica afecta tant la ment com el cos (en grec Psykhe i soma). Les malalties psicosom\u00e0tiques poden ser totalment o parcialment degudes a trastorns psicol\u00f2gics o emocionals. Una malaltia psicosom\u00e0tica es caracteritza per una malaltia f\u00edsica causada o agreujada per factors psicol\u00f2gics.<\/p>\n","protected":false},"featured_media":664,"template":"","class_list":["post-757","trastornos","type-trastornos","status-publish","has-post-thumbnail","hentry"],"yoast_head":"<!-- This site is optimized with the Yoast SEO plugin v22.6 - https:\/\/yoast.com\/wordpress\/plugins\/seo\/ -->\n<title>Malalties psicosom\u00e0tiques - David Trotzig<\/title>\n<meta name=\"description\" content=\"La malaltia psicosom\u00e0tica es refereix a afeccions f\u00edsiques que s\u00f3n causades o agreujades per factors emocionals i psicol\u00f2gics. En aquestes malalties, l&#039;estr\u00e8s, l&#039;ansietat, la depressi\u00f3 o altres emocions negatives influeixen en el cos, provocant s\u00edmptomes f\u00edsics reals com ara mals de cap, problemes gastrointestinals, hipertensi\u00f3 i dolors musculars, entre d&#039;altres. Encara que els s\u00edmptomes s\u00f3n f\u00edsics, el seu origen \u00e9s a la ment i les emocions.\" \/>\n<meta name=\"robots\" content=\"index, follow, max-snippet:-1, max-image-preview:large, max-video-preview:-1\" \/>\n<link rel=\"canonical\" href=\"https:\/\/davidtrotzig.com\/ca\/problemes-transtorns\/malalties-psicosomatiques\/\" \/>\n<meta property=\"og:locale\" content=\"ca_ES\" \/>\n<meta property=\"og:type\" content=\"article\" \/>\n<meta property=\"og:title\" content=\"Malalties psicosom\u00e0tiques - David Trotzig\" \/>\n<meta property=\"og:description\" content=\"La malaltia psicosom\u00e0tica es refereix a afeccions f\u00edsiques que s\u00f3n causades o agreujades per factors emocionals i psicol\u00f2gics. En aquestes malalties, l&#039;estr\u00e8s, l&#039;ansietat, la depressi\u00f3 o altres emocions negatives influeixen en el cos, provocant s\u00edmptomes f\u00edsics reals com ara mals de cap, problemes gastrointestinals, hipertensi\u00f3 i dolors musculars, entre d&#039;altres. Encara que els s\u00edmptomes s\u00f3n f\u00edsics, el seu origen \u00e9s a la ment i les emocions.\" \/>\n<meta property=\"og:url\" content=\"https:\/\/davidtrotzig.com\/ca\/problemes-transtorns\/malalties-psicosomatiques\/\" \/>\n<meta property=\"og:site_name\" content=\"David Trotzig\" \/>\n<meta property=\"article:modified_time\" content=\"2024-06-12T15:32:54+00:00\" \/>\n<meta property=\"og:image\" content=\"https:\/\/davidtrotzig.com\/wp-content\/uploads\/2024\/03\/david-trotzig_enfermedades-psicosomaticas.jpg\" \/>\n\t<meta property=\"og:image:width\" content=\"1751\" \/>\n\t<meta property=\"og:image:height\" content=\"1192\" \/>\n\t<meta property=\"og:image:type\" content=\"image\/jpeg\" \/>\n<meta name=\"twitter:card\" content=\"summary_large_image\" \/>\n<meta name=\"twitter:label1\" content=\"Temps estimat de lectura\" \/>\n\t<meta name=\"twitter:data1\" content=\"1 minut\" \/>\n<script type=\"application\/ld+json\" class=\"yoast-schema-graph\">{\"@context\":\"https:\/\/schema.org\",\"@graph\":[{\"@type\":\"WebPage\",\"@id\":\"https:\/\/davidtrotzig.com\/ca\/problemes-transtorns\/malalties-psicosomatiques\/\",\"url\":\"https:\/\/davidtrotzig.com\/ca\/problemes-transtorns\/malalties-psicosomatiques\/\",\"name\":\"Malalties psicosom\u00e0tiques - David Trotzig\",\"isPartOf\":{\"@id\":\"https:\/\/davidtrotzig.com\/ca\/#website\"},\"primaryImageOfPage\":{\"@id\":\"https:\/\/davidtrotzig.com\/ca\/problemes-transtorns\/malalties-psicosomatiques\/#primaryimage\"},\"image\":{\"@id\":\"https:\/\/davidtrotzig.com\/ca\/problemes-transtorns\/malalties-psicosomatiques\/#primaryimage\"},\"thumbnailUrl\":\"https:\/\/davidtrotzig.com\/wp-content\/uploads\/2024\/03\/david-trotzig_enfermedades-psicosomaticas.jpg\",\"datePublished\":\"2024-03-05T15:08:36+00:00\",\"dateModified\":\"2024-06-12T15:32:54+00:00\",\"description\":\"La malaltia psicosom\u00e0tica es refereix a afeccions f\u00edsiques que s\u00f3n causades o agreujades per factors emocionals i psicol\u00f2gics. En aquestes malalties, l'estr\u00e8s, l'ansietat, la depressi\u00f3 o altres emocions negatives influeixen en el cos, provocant s\u00edmptomes f\u00edsics reals com ara mals de cap, problemes gastrointestinals, hipertensi\u00f3 i dolors musculars, entre d'altres. Encara que els s\u00edmptomes s\u00f3n f\u00edsics, el seu origen \u00e9s a la ment i les emocions.\",\"breadcrumb\":{\"@id\":\"https:\/\/davidtrotzig.com\/ca\/problemes-transtorns\/malalties-psicosomatiques\/#breadcrumb\"},\"inLanguage\":\"ca\",\"potentialAction\":[{\"@type\":\"ReadAction\",\"target\":[\"https:\/\/davidtrotzig.com\/ca\/problemes-transtorns\/malalties-psicosomatiques\/\"]}]},{\"@type\":\"ImageObject\",\"inLanguage\":\"ca\",\"@id\":\"https:\/\/davidtrotzig.com\/ca\/problemes-transtorns\/malalties-psicosomatiques\/#primaryimage\",\"url\":\"https:\/\/davidtrotzig.com\/wp-content\/uploads\/2024\/03\/david-trotzig_enfermedades-psicosomaticas.jpg\",\"contentUrl\":\"https:\/\/davidtrotzig.com\/wp-content\/uploads\/2024\/03\/david-trotzig_enfermedades-psicosomaticas.jpg\",\"width\":1751,\"height\":1192},{\"@type\":\"BreadcrumbList\",\"@id\":\"https:\/\/davidtrotzig.com\/ca\/problemes-transtorns\/malalties-psicosomatiques\/#breadcrumb\",\"itemListElement\":[{\"@type\":\"ListItem\",\"position\":1,\"name\":\"Portada\",\"item\":\"https:\/\/davidtrotzig.com\/ca\/\"},{\"@type\":\"ListItem\",\"position\":2,\"name\":\"Transtorns\",\"item\":\"https:\/\/davidtrotzig.com\/ca\/problemes-transtorns\/\"},{\"@type\":\"ListItem\",\"position\":3,\"name\":\"Malalties psicosom\u00e0tiques\"}]},{\"@type\":\"WebSite\",\"@id\":\"https:\/\/davidtrotzig.com\/ca\/#website\",\"url\":\"https:\/\/davidtrotzig.com\/ca\/\",\"name\":\"David Trotzig\",\"description\":\"Psicoterapeuta especializado en terapia del trauma y terapia psicocorporal\",\"potentialAction\":[{\"@type\":\"SearchAction\",\"target\":{\"@type\":\"EntryPoint\",\"urlTemplate\":\"https:\/\/davidtrotzig.com\/ca\/?s={search_term_string}\"},\"query-input\":\"required name=search_term_string\"}],\"inLanguage\":\"ca\"}]}<\/script>\n<!-- \/ Yoast SEO plugin. -->","yoast_head_json":{"title":"Malalties psicosom\u00e0tiques - David Trotzig","description":"La malaltia psicosom\u00e0tica es refereix a afeccions f\u00edsiques que s\u00f3n causades o agreujades per factors emocionals i psicol\u00f2gics. En aquestes malalties, l'estr\u00e8s, l'ansietat, la depressi\u00f3 o altres emocions negatives influeixen en el cos, provocant s\u00edmptomes f\u00edsics reals com ara mals de cap, problemes gastrointestinals, hipertensi\u00f3 i dolors musculars, entre d'altres. Encara que els s\u00edmptomes s\u00f3n f\u00edsics, el seu origen \u00e9s a la ment i les emocions.","robots":{"index":"index","follow":"follow","max-snippet":"max-snippet:-1","max-image-preview":"max-image-preview:large","max-video-preview":"max-video-preview:-1"},"canonical":"https:\/\/davidtrotzig.com\/ca\/problemes-transtorns\/malalties-psicosomatiques\/","og_locale":"ca_ES","og_type":"article","og_title":"Malalties psicosom\u00e0tiques - David Trotzig","og_description":"La malaltia psicosom\u00e0tica es refereix a afeccions f\u00edsiques que s\u00f3n causades o agreujades per factors emocionals i psicol\u00f2gics. En aquestes malalties, l'estr\u00e8s, l'ansietat, la depressi\u00f3 o altres emocions negatives influeixen en el cos, provocant s\u00edmptomes f\u00edsics reals com ara mals de cap, problemes gastrointestinals, hipertensi\u00f3 i dolors musculars, entre d'altres. Encara que els s\u00edmptomes s\u00f3n f\u00edsics, el seu origen \u00e9s a la ment i les emocions.","og_url":"https:\/\/davidtrotzig.com\/ca\/problemes-transtorns\/malalties-psicosomatiques\/","og_site_name":"David Trotzig","article_modified_time":"2024-06-12T15:32:54+00:00","og_image":[{"width":1751,"height":1192,"url":"https:\/\/davidtrotzig.com\/wp-content\/uploads\/2024\/03\/david-trotzig_enfermedades-psicosomaticas.jpg","type":"image\/jpeg"}],"twitter_card":"summary_large_image","twitter_misc":{"Temps estimat de lectura":"1 minut"},"schema":{"@context":"https:\/\/schema.org","@graph":[{"@type":"WebPage","@id":"https:\/\/davidtrotzig.com\/ca\/problemes-transtorns\/malalties-psicosomatiques\/","url":"https:\/\/davidtrotzig.com\/ca\/problemes-transtorns\/malalties-psicosomatiques\/","name":"Malalties psicosom\u00e0tiques - David Trotzig","isPartOf":{"@id":"https:\/\/davidtrotzig.com\/ca\/#website"},"primaryImageOfPage":{"@id":"https:\/\/davidtrotzig.com\/ca\/problemes-transtorns\/malalties-psicosomatiques\/#primaryimage"},"image":{"@id":"https:\/\/davidtrotzig.com\/ca\/problemes-transtorns\/malalties-psicosomatiques\/#primaryimage"},"thumbnailUrl":"https:\/\/davidtrotzig.com\/wp-content\/uploads\/2024\/03\/david-trotzig_enfermedades-psicosomaticas.jpg","datePublished":"2024-03-05T15:08:36+00:00","dateModified":"2024-06-12T15:32:54+00:00","description":"La malaltia psicosom\u00e0tica es refereix a afeccions f\u00edsiques que s\u00f3n causades o agreujades per factors emocionals i psicol\u00f2gics. En aquestes malalties, l'estr\u00e8s, l'ansietat, la depressi\u00f3 o altres emocions negatives influeixen en el cos, provocant s\u00edmptomes f\u00edsics reals com ara mals de cap, problemes gastrointestinals, hipertensi\u00f3 i dolors musculars, entre d'altres. Encara que els s\u00edmptomes s\u00f3n f\u00edsics, el seu origen \u00e9s a la ment i les emocions.","breadcrumb":{"@id":"https:\/\/davidtrotzig.com\/ca\/problemes-transtorns\/malalties-psicosomatiques\/#breadcrumb"},"inLanguage":"ca","potentialAction":[{"@type":"ReadAction","target":["https:\/\/davidtrotzig.com\/ca\/problemes-transtorns\/malalties-psicosomatiques\/"]}]},{"@type":"ImageObject","inLanguage":"ca","@id":"https:\/\/davidtrotzig.com\/ca\/problemes-transtorns\/malalties-psicosomatiques\/#primaryimage","url":"https:\/\/davidtrotzig.com\/wp-content\/uploads\/2024\/03\/david-trotzig_enfermedades-psicosomaticas.jpg","contentUrl":"https:\/\/davidtrotzig.com\/wp-content\/uploads\/2024\/03\/david-trotzig_enfermedades-psicosomaticas.jpg","width":1751,"height":1192},{"@type":"BreadcrumbList","@id":"https:\/\/davidtrotzig.com\/ca\/problemes-transtorns\/malalties-psicosomatiques\/#breadcrumb","itemListElement":[{"@type":"ListItem","position":1,"name":"Portada","item":"https:\/\/davidtrotzig.com\/ca\/"},{"@type":"ListItem","position":2,"name":"Transtorns","item":"https:\/\/davidtrotzig.com\/ca\/problemes-transtorns\/"},{"@type":"ListItem","position":3,"name":"Malalties psicosom\u00e0tiques"}]},{"@type":"WebSite","@id":"https:\/\/davidtrotzig.com\/ca\/#website","url":"https:\/\/davidtrotzig.com\/ca\/","name":"David Trotzig","description":"Psicoterapeuta especializado en terapia del trauma y terapia psicocorporal","potentialAction":[{"@type":"SearchAction","target":{"@type":"EntryPoint","urlTemplate":"https:\/\/davidtrotzig.com\/ca\/?s={search_term_string}"},"query-input":"required name=search_term_string"}],"inLanguage":"ca"}]}},"_links":{"self":[{"href":"https:\/\/davidtrotzig.com\/ca\/wp-json\/wp\/v2\/trastornos\/757","targetHints":{"allow":["GET"]}}],"collection":[{"href":"https:\/\/davidtrotzig.com\/ca\/wp-json\/wp\/v2\/trastornos"}],"about":[{"href":"https:\/\/davidtrotzig.com\/ca\/wp-json\/wp\/v2\/types\/trastornos"}],"wp:featuredmedia":[{"embeddable":true,"href":"https:\/\/davidtrotzig.com\/ca\/wp-json\/wp\/v2\/media\/664"}],"wp:attachment":[{"href":"https:\/\/davidtrotzig.com\/ca\/wp-json\/wp\/v2\/media?parent=757"}],"curies":[{"name":"wp","href":"https:\/\/api.w.org\/{rel}","templated":true}]}}

Malalties psicosomàtiques

<p>La malaltia psicosomàtica es refereix a afeccions físiques que són causades o agreujades per factors emocionals i psicològics. En aquestes malalties, l&#8217;estrès, l&#8217;ansietat, la depressió o altres emocions negatives influeixen en el cos, provocant símptomes físics reals com ara mals de cap, problemes gastrointestinals, hipertensió i dolors musculars, entre d&#8217;altres. Encara que els símptomes són físics, el seu origen és a la ment i les emocions.</p>

<p>Els éssers humans tenim tot un ventall d&#8217;emocions que s&#8217;expressen de maneres diferents des de l&#8217;amor i l&#8217;afecte fins a la ràbia i l&#8217;agressivitat. Es podria dir que les emocions són el llenguatge que l&#8217;organisme té per comunicar-se sobre les necessitats, sobre si estan satisfetes o no.</p>

<p>Quan, per raons diferents, ens hem sentit obligats a reprimir l&#8217;expressió de certes emocions, l&#8217;organisme es veu privat del canal natural de la seva expressió emocional. Aleshores busca altres vies per poder-les expressar i moltes vegades això passa a través del cos en forma de tensions, dolors o malalties psicosomàtiques.</p>

<p>En un pla al·legòric es podria dir que les emocions han de fluir com un riu. Quan es construeix una presa, el riu queda bloquejat, però exerceix una pressió que va creixent a mesura que la quantitat d&#8217;aigua capturada augmenta. Al final la presa queda desbordada o trencada per les forces de l&#8217;aigua i es creen rierols o riuades descontrolades per altres indrets que el llit natural del riu. A l&#8217;organisme humà, aquests rierols equivaldrien a les somatitzacions o malalties psicosomàtiques.</p>

<p>La psicosomàtica afecta tant la ment com el cos (en grec Psykhe i soma). Les malalties psicosomàtiques poden ser totalment o parcialment degudes a trastorns psicològics o emocionals. Una malaltia psicosomàtica es caracteritza per una malaltia física causada o agreujada per factors psicològics.</p>

<!-- This site is optimized with the Yoast SEO plugin v22.6 - https://yoast.com/wordpress/plugins/seo/ -->
<title>Malalties psicosomàtiques - David Trotzig</title>
<meta name="description" content="La malaltia psicosomàtica es refereix a afeccions físiques que són causades o agreujades per factors emocionals i psicològics. En aquestes malalties, l&#039;estrès, l&#039;ansietat, la depressió o altres emocions negatives influeixen en el cos, provocant símptomes físics reals com ara mals de cap, problemes gastrointestinals, hipertensió i dolors musculars, entre d&#039;altres. Encara que els símptomes són físics, el seu origen és a la ment i les emocions." />
<meta name="robots" content="index, follow, max-snippet:-1, max-image-preview:large, max-video-preview:-1" />
<link rel="canonical" href="https://davidtrotzig.com/ca/problemes-transtorns/malalties-psicosomatiques/" />
<meta property="og:locale" content="ca_ES" />
<meta property="og:type" content="article" />
<meta property="og:title" content="Malalties psicosomàtiques - David Trotzig" />
<meta property="og:description" content="La malaltia psicosomàtica es refereix a afeccions físiques que són causades o agreujades per factors emocionals i psicològics. En aquestes malalties, l&#039;estrès, l&#039;ansietat, la depressió o altres emocions negatives influeixen en el cos, provocant símptomes físics reals com ara mals de cap, problemes gastrointestinals, hipertensió i dolors musculars, entre d&#039;altres. Encara que els símptomes són físics, el seu origen és a la ment i les emocions." />
<meta property="og:url" content="https://davidtrotzig.com/ca/problemes-transtorns/malalties-psicosomatiques/" />
<meta property="og:site_name" content="David Trotzig" />
<meta property="article:modified_time" content="2024-06-12T15:32:54+00:00" />
<meta property="og:image" content="https://davidtrotzig.com/wp-content/uploads/2024/03/david-trotzig_enfermedades-psicosomaticas.jpg" />
	<meta property="og:image:width" content="1751" />
	<meta property="og:image:height" content="1192" />
	<meta property="og:image:type" content="image/jpeg" />
<meta name="twitter:card" content="summary_large_image" />
<meta name="twitter:label1" content="Temps estimat de lectura" />
	<meta name="twitter:data1" content="1 minut" />
<script type="application/ld+json" class="yoast-schema-graph">{"@context":"https://schema.org","@graph":[{"@type":"WebPage","@id":"https://davidtrotzig.com/ca/problemes-transtorns/malalties-psicosomatiques/","url":"https://davidtrotzig.com/ca/problemes-transtorns/malalties-psicosomatiques/","name":"Malalties psicosomàtiques - David Trotzig","isPartOf":{"@id":"https://davidtrotzig.com/ca/#website"},"primaryImageOfPage":{"@id":"https://davidtrotzig.com/ca/problemes-transtorns/malalties-psicosomatiques/#primaryimage"},"image":{"@id":"https://davidtrotzig.com/ca/problemes-transtorns/malalties-psicosomatiques/#primaryimage"},"thumbnailUrl":"https://davidtrotzig.com/wp-content/uploads/2024/03/david-trotzig_enfermedades-psicosomaticas.jpg","datePublished":"2024-03-05T15:08:36+00:00","dateModified":"2024-06-12T15:32:54+00:00","description":"La malaltia psicosomàtica es refereix a afeccions físiques que són causades o agreujades per factors emocionals i psicològics. En aquestes malalties, l'estrès, l'ansietat, la depressió o altres emocions negatives influeixen en el cos, provocant símptomes físics reals com ara mals de cap, problemes gastrointestinals, hipertensió i dolors musculars, entre d'altres. Encara que els símptomes són físics, el seu origen és a la ment i les emocions.","breadcrumb":{"@id":"https://davidtrotzig.com/ca/problemes-transtorns/malalties-psicosomatiques/#breadcrumb"},"inLanguage":"ca","potentialAction":[{"@type":"ReadAction","target":["https://davidtrotzig.com/ca/problemes-transtorns/malalties-psicosomatiques/"]}]},{"@type":"ImageObject","inLanguage":"ca","@id":"https://davidtrotzig.com/ca/problemes-transtorns/malalties-psicosomatiques/#primaryimage","url":"https://davidtrotzig.com/wp-content/uploads/2024/03/david-trotzig_enfermedades-psicosomaticas.jpg","contentUrl":"https://davidtrotzig.com/wp-content/uploads/2024/03/david-trotzig_enfermedades-psicosomaticas.jpg","width":1751,"height":1192},{"@type":"BreadcrumbList","@id":"https://davidtrotzig.com/ca/problemes-transtorns/malalties-psicosomatiques/#breadcrumb","itemListElement":[{"@type":"ListItem","position":1,"name":"Portada","item":"https://davidtrotzig.com/ca/"},{"@type":"ListItem","position":2,"name":"Transtorns","item":"https://davidtrotzig.com/ca/problemes-transtorns/"},{"@type":"ListItem","position":3,"name":"Malalties psicosomàtiques"}]},{"@type":"WebSite","@id":"https://davidtrotzig.com/ca/#website","url":"https://davidtrotzig.com/ca/","name":"David Trotzig","description":"Psicoterapeuta especializado en terapia del trauma y terapia psicocorporal","potentialAction":[{"@type":"SearchAction","target":{"@type":"EntryPoint","urlTemplate":"https://davidtrotzig.com/ca/?s={search_term_string}"},"query-input":"required name=search_term_string"}],"inLanguage":"ca"}]}</script>
<!-- / Yoast SEO plugin. -->

Malalties psicosomàtiques - David Trotzig

La malaltia psicosomàtica es refereix a afeccions físiques que són causades o agreujades per factors emocionals i psicològics. En aquestes malalties, l'estrès, l'ansietat, la depressió o altres emocions negatives influeixen en el cos, provocant símptomes físics reals com ara mals de cap, problemes gastrointestinals, hipertensió i dolors musculars, entre d'altres. Encara que els símptomes són físics, el seu origen és a la ment i les emocions.
