{"id":759,"date":"2024-03-05T16:10:29","date_gmt":"2024-03-05T15:10:29","guid":{"rendered":"https:\/\/davidtrotzig.com\/problemas-y-trastornos\/depressio-o-trauma-postpart\/"},"modified":"2024-06-23T18:33:38","modified_gmt":"2024-06-23T16:33:38","slug":"depressio-o-trauma-postpart","status":"publish","type":"trastornos","link":"https:\/\/davidtrotzig.com\/ca\/problemes-transtorns\/depressio-o-trauma-postpart\/","title":{"rendered":"Depressi\u00f3 o trauma postpart"},"content":{"rendered":"\n<h3 class=\"wp-block-heading\">El patiment del part traum\u00e0tic<\/h3>\n\n<h4 class=\"wp-block-heading\">Experi\u00e8ncia Traum\u00e0tica del Part<\/h4>\n\n<p>Un percentatge elevat de parts al nostre pa\u00eds s\u00f3n <a href=\"https:\/\/asociacionpsicologiaperinatal.es\/tag\/violencia-obstetrica\/\">traum\u00e0tics per a les dones<\/a>. Aix\u00f2 \u00e9s degut a factors fisiol\u00f2gics, psicol\u00f2gics, o a un entorn percebut com a dif\u00edcil o hostil. Com a resultat, moltes dones desenvolupen un <a href=\"https:\/\/davidtrotzig.com\/ca\/problemes-transtorns\/estres-posttraumatic-tept\/\">Trastorn d&#8217;Estr\u00e8s Posttraum\u00e0tic (TEPT)<\/a>, caracteritzat per una profunda inquietud i malestar en relaci\u00f3 amb elles mateixes, el nad\u00f3 i l&#8217;entorn.<\/p>\n\n<h4 class=\"wp-block-heading\">Impacte del Part Traum\u00e0tic<\/h4>\n\n<p>Sheila Kitzinger, creadora de la xarxa de suport brit\u00e0nica &#8216;Birth Crisis&#8217;, descriu l&#8217;impacte del part traum\u00e0tic. Les dones se senten impotents i sense control durant un esdeveniment crucial a les seves vides. Inicialment es poden sentir alleujades que tot hagi acabat, per\u00f2 despr\u00e9s experimenten una barreja de gratitud i sensaci\u00f3 d&#8217;haver estat violades.<\/p>\n\n<h4 class=\"wp-block-heading\">S\u00edmptomes del TEPT Postpart<\/h4>\n\n<p>Les escenes del part es repeteixen a les seves ments com un v\u00eddeo continu. Pateixen malsons i records del trauma. Sovint els diuen que \u201cesperaven una altra cosa\u201d, cosa que agreuja el seu patiment. Aquestes dones perden confian\u00e7a en els cossos i la lact\u00e0ncia es converteix en una lluita.<\/p>\n\n<h4 class=\"wp-block-heading\">Casos de tractament d&#8217;alta tecnologia<\/h4>\n\n<p>L&#8217;article descriu casos greus de dones traumatitzades per tractaments &#8220;d&#8217;alta tecnologia&#8221; com oxitocina, episiotomia i monitoritzaci\u00f3 fetal. Tot i aix\u00f2, algunes dones experimenten s\u00edmptomes similars fins i tot en circumst\u00e0ncies favorables. Aix\u00f2 pot ser degut a la seva relaci\u00f3 amb el seu cos o les seves expectatives no complertes.<\/p>\n\n<h4 class=\"wp-block-heading\">Sentiments de Frac\u00e0s i Acompanyament<\/h4>\n\n<p>El sentiment de frac\u00e0s com a mare i dona en no tenir el part somiat pot ser devastador. Tamb\u00e9 hi pot influir la manca de suport de la parella, incrementant el sentiment de vulnerabilitat.<\/p>\n\n<h4 class=\"wp-block-heading\">Qualitat de Vida Afectada<\/h4>\n\n<p>Les v\u00edctimes d\u02bcesdeveniments traum\u00e0tics pateixen molt i la seva qualitat de vida di\u00e0ria es veu greument afectada. Especialment s\u00f3n vulnerables als recordatoris de l&#8217;esdeveniment traum\u00e0tic al seu entorn.<\/p>\n\n<h3 class=\"wp-block-heading\">Conclusi\u00f3<\/h3>\n\n<p>El part traum\u00e0tic pot deixar profundes cicatrius emocionals. \u00c9s essencial recon\u00e8ixer i abordar aquests problemes per millorar la qualitat de vida de les dones afectades.<\/p>\n","protected":false},"excerpt":{"rendered":"<p>Quan una dona ha tingut viv\u00e8ncies traum\u00e0tiques relacionades amb el seu part, tant el propi cos com el nad\u00f3 i les persones que l&#8217;acompanyaven durant el part poden ser objecte de forts sentiments de por, rebuig, evitaci\u00f3 o sentiments de p\u00e0nic.<\/p>\n","protected":false},"featured_media":652,"template":"","class_list":["post-759","trastornos","type-trastornos","status-publish","has-post-thumbnail","hentry"],"yoast_head":"<!-- This site is optimized with the Yoast SEO plugin v22.6 - https:\/\/yoast.com\/wordpress\/plugins\/seo\/ -->\n<title>Depressi\u00f3 o trauma postpart - David Trotzig<\/title>\n<meta name=\"description\" content=\"Explora com els parts traum\u00e0tics poden causar Trastorn d&#039;Estr\u00e8s Posttraum\u00e0tic en dones, afectant el benestar emocional, la relaci\u00f3 amb el nad\u00f3 i el seu entorn, i descobreix la import\u00e0ncia de recon\u00e8ixer i tractar aquest problema per millorar-ne la qualitat de vida. \u00c9s vital abordar i tractar el trauma del part per millorar la qualitat de vida de les dones afectades.\" \/>\n<meta name=\"robots\" content=\"index, follow, max-snippet:-1, max-image-preview:large, max-video-preview:-1\" \/>\n<link rel=\"canonical\" href=\"https:\/\/davidtrotzig.com\/ca\/problemes-transtorns\/depressio-o-trauma-postpart\/\" \/>\n<meta property=\"og:locale\" content=\"ca_ES\" \/>\n<meta property=\"og:type\" content=\"article\" \/>\n<meta property=\"og:title\" content=\"Depressi\u00f3 o trauma postpart - David Trotzig\" \/>\n<meta property=\"og:description\" content=\"Explora com els parts traum\u00e0tics poden causar Trastorn d&#039;Estr\u00e8s Posttraum\u00e0tic en dones, afectant el benestar emocional, la relaci\u00f3 amb el nad\u00f3 i el seu entorn, i descobreix la import\u00e0ncia de recon\u00e8ixer i tractar aquest problema per millorar-ne la qualitat de vida. \u00c9s vital abordar i tractar el trauma del part per millorar la qualitat de vida de les dones afectades.\" \/>\n<meta property=\"og:url\" content=\"https:\/\/davidtrotzig.com\/ca\/problemes-transtorns\/depressio-o-trauma-postpart\/\" \/>\n<meta property=\"og:site_name\" content=\"David Trotzig\" \/>\n<meta property=\"article:modified_time\" content=\"2024-06-23T16:33:38+00:00\" \/>\n<meta property=\"og:image\" content=\"https:\/\/davidtrotzig.com\/wp-content\/uploads\/2024\/03\/david-trotzig_depresion-postparto.jpeg\" \/>\n\t<meta property=\"og:image:width\" content=\"1704\" \/>\n\t<meta property=\"og:image:height\" content=\"1132\" \/>\n\t<meta property=\"og:image:type\" content=\"image\/jpeg\" \/>\n<meta name=\"twitter:card\" content=\"summary_large_image\" \/>\n<meta name=\"twitter:label1\" content=\"Temps estimat de lectura\" \/>\n\t<meta name=\"twitter:data1\" content=\"2 minuts\" \/>\n<script type=\"application\/ld+json\" class=\"yoast-schema-graph\">{\"@context\":\"https:\/\/schema.org\",\"@graph\":[{\"@type\":\"WebPage\",\"@id\":\"https:\/\/davidtrotzig.com\/ca\/problemes-transtorns\/depressio-o-trauma-postpart\/\",\"url\":\"https:\/\/davidtrotzig.com\/ca\/problemes-transtorns\/depressio-o-trauma-postpart\/\",\"name\":\"Depressi\u00f3 o trauma postpart - David Trotzig\",\"isPartOf\":{\"@id\":\"https:\/\/davidtrotzig.com\/ca\/#website\"},\"primaryImageOfPage\":{\"@id\":\"https:\/\/davidtrotzig.com\/ca\/problemes-transtorns\/depressio-o-trauma-postpart\/#primaryimage\"},\"image\":{\"@id\":\"https:\/\/davidtrotzig.com\/ca\/problemes-transtorns\/depressio-o-trauma-postpart\/#primaryimage\"},\"thumbnailUrl\":\"https:\/\/davidtrotzig.com\/wp-content\/uploads\/2024\/03\/david-trotzig_depresion-postparto.jpeg\",\"datePublished\":\"2024-03-05T15:10:29+00:00\",\"dateModified\":\"2024-06-23T16:33:38+00:00\",\"description\":\"Explora com els parts traum\u00e0tics poden causar Trastorn d'Estr\u00e8s Posttraum\u00e0tic en dones, afectant el benestar emocional, la relaci\u00f3 amb el nad\u00f3 i el seu entorn, i descobreix la import\u00e0ncia de recon\u00e8ixer i tractar aquest problema per millorar-ne la qualitat de vida. \u00c9s vital abordar i tractar el trauma del part per millorar la qualitat de vida de les dones afectades.\",\"breadcrumb\":{\"@id\":\"https:\/\/davidtrotzig.com\/ca\/problemes-transtorns\/depressio-o-trauma-postpart\/#breadcrumb\"},\"inLanguage\":\"ca\",\"potentialAction\":[{\"@type\":\"ReadAction\",\"target\":[\"https:\/\/davidtrotzig.com\/ca\/problemes-transtorns\/depressio-o-trauma-postpart\/\"]}]},{\"@type\":\"ImageObject\",\"inLanguage\":\"ca\",\"@id\":\"https:\/\/davidtrotzig.com\/ca\/problemes-transtorns\/depressio-o-trauma-postpart\/#primaryimage\",\"url\":\"https:\/\/davidtrotzig.com\/wp-content\/uploads\/2024\/03\/david-trotzig_depresion-postparto.jpeg\",\"contentUrl\":\"https:\/\/davidtrotzig.com\/wp-content\/uploads\/2024\/03\/david-trotzig_depresion-postparto.jpeg\",\"width\":1704,\"height\":1132},{\"@type\":\"BreadcrumbList\",\"@id\":\"https:\/\/davidtrotzig.com\/ca\/problemes-transtorns\/depressio-o-trauma-postpart\/#breadcrumb\",\"itemListElement\":[{\"@type\":\"ListItem\",\"position\":1,\"name\":\"Portada\",\"item\":\"https:\/\/davidtrotzig.com\/ca\/\"},{\"@type\":\"ListItem\",\"position\":2,\"name\":\"Transtorns\",\"item\":\"https:\/\/davidtrotzig.com\/ca\/problemes-transtorns\/\"},{\"@type\":\"ListItem\",\"position\":3,\"name\":\"Depressi\u00f3 o trauma postpart\"}]},{\"@type\":\"WebSite\",\"@id\":\"https:\/\/davidtrotzig.com\/ca\/#website\",\"url\":\"https:\/\/davidtrotzig.com\/ca\/\",\"name\":\"David Trotzig\",\"description\":\"Psicoterapeuta especializado en terapia del trauma y terapia psicocorporal\",\"potentialAction\":[{\"@type\":\"SearchAction\",\"target\":{\"@type\":\"EntryPoint\",\"urlTemplate\":\"https:\/\/davidtrotzig.com\/ca\/?s={search_term_string}\"},\"query-input\":\"required name=search_term_string\"}],\"inLanguage\":\"ca\"}]}<\/script>\n<!-- \/ Yoast SEO plugin. -->","yoast_head_json":{"title":"Depressi\u00f3 o trauma postpart - David Trotzig","description":"Explora com els parts traum\u00e0tics poden causar Trastorn d'Estr\u00e8s Posttraum\u00e0tic en dones, afectant el benestar emocional, la relaci\u00f3 amb el nad\u00f3 i el seu entorn, i descobreix la import\u00e0ncia de recon\u00e8ixer i tractar aquest problema per millorar-ne la qualitat de vida. \u00c9s vital abordar i tractar el trauma del part per millorar la qualitat de vida de les dones afectades.","robots":{"index":"index","follow":"follow","max-snippet":"max-snippet:-1","max-image-preview":"max-image-preview:large","max-video-preview":"max-video-preview:-1"},"canonical":"https:\/\/davidtrotzig.com\/ca\/problemes-transtorns\/depressio-o-trauma-postpart\/","og_locale":"ca_ES","og_type":"article","og_title":"Depressi\u00f3 o trauma postpart - David Trotzig","og_description":"Explora com els parts traum\u00e0tics poden causar Trastorn d'Estr\u00e8s Posttraum\u00e0tic en dones, afectant el benestar emocional, la relaci\u00f3 amb el nad\u00f3 i el seu entorn, i descobreix la import\u00e0ncia de recon\u00e8ixer i tractar aquest problema per millorar-ne la qualitat de vida. \u00c9s vital abordar i tractar el trauma del part per millorar la qualitat de vida de les dones afectades.","og_url":"https:\/\/davidtrotzig.com\/ca\/problemes-transtorns\/depressio-o-trauma-postpart\/","og_site_name":"David Trotzig","article_modified_time":"2024-06-23T16:33:38+00:00","og_image":[{"width":1704,"height":1132,"url":"https:\/\/davidtrotzig.com\/wp-content\/uploads\/2024\/03\/david-trotzig_depresion-postparto.jpeg","type":"image\/jpeg"}],"twitter_card":"summary_large_image","twitter_misc":{"Temps estimat de lectura":"2 minuts"},"schema":{"@context":"https:\/\/schema.org","@graph":[{"@type":"WebPage","@id":"https:\/\/davidtrotzig.com\/ca\/problemes-transtorns\/depressio-o-trauma-postpart\/","url":"https:\/\/davidtrotzig.com\/ca\/problemes-transtorns\/depressio-o-trauma-postpart\/","name":"Depressi\u00f3 o trauma postpart - David Trotzig","isPartOf":{"@id":"https:\/\/davidtrotzig.com\/ca\/#website"},"primaryImageOfPage":{"@id":"https:\/\/davidtrotzig.com\/ca\/problemes-transtorns\/depressio-o-trauma-postpart\/#primaryimage"},"image":{"@id":"https:\/\/davidtrotzig.com\/ca\/problemes-transtorns\/depressio-o-trauma-postpart\/#primaryimage"},"thumbnailUrl":"https:\/\/davidtrotzig.com\/wp-content\/uploads\/2024\/03\/david-trotzig_depresion-postparto.jpeg","datePublished":"2024-03-05T15:10:29+00:00","dateModified":"2024-06-23T16:33:38+00:00","description":"Explora com els parts traum\u00e0tics poden causar Trastorn d'Estr\u00e8s Posttraum\u00e0tic en dones, afectant el benestar emocional, la relaci\u00f3 amb el nad\u00f3 i el seu entorn, i descobreix la import\u00e0ncia de recon\u00e8ixer i tractar aquest problema per millorar-ne la qualitat de vida. \u00c9s vital abordar i tractar el trauma del part per millorar la qualitat de vida de les dones afectades.","breadcrumb":{"@id":"https:\/\/davidtrotzig.com\/ca\/problemes-transtorns\/depressio-o-trauma-postpart\/#breadcrumb"},"inLanguage":"ca","potentialAction":[{"@type":"ReadAction","target":["https:\/\/davidtrotzig.com\/ca\/problemes-transtorns\/depressio-o-trauma-postpart\/"]}]},{"@type":"ImageObject","inLanguage":"ca","@id":"https:\/\/davidtrotzig.com\/ca\/problemes-transtorns\/depressio-o-trauma-postpart\/#primaryimage","url":"https:\/\/davidtrotzig.com\/wp-content\/uploads\/2024\/03\/david-trotzig_depresion-postparto.jpeg","contentUrl":"https:\/\/davidtrotzig.com\/wp-content\/uploads\/2024\/03\/david-trotzig_depresion-postparto.jpeg","width":1704,"height":1132},{"@type":"BreadcrumbList","@id":"https:\/\/davidtrotzig.com\/ca\/problemes-transtorns\/depressio-o-trauma-postpart\/#breadcrumb","itemListElement":[{"@type":"ListItem","position":1,"name":"Portada","item":"https:\/\/davidtrotzig.com\/ca\/"},{"@type":"ListItem","position":2,"name":"Transtorns","item":"https:\/\/davidtrotzig.com\/ca\/problemes-transtorns\/"},{"@type":"ListItem","position":3,"name":"Depressi\u00f3 o trauma postpart"}]},{"@type":"WebSite","@id":"https:\/\/davidtrotzig.com\/ca\/#website","url":"https:\/\/davidtrotzig.com\/ca\/","name":"David Trotzig","description":"Psicoterapeuta especializado en terapia del trauma y terapia psicocorporal","potentialAction":[{"@type":"SearchAction","target":{"@type":"EntryPoint","urlTemplate":"https:\/\/davidtrotzig.com\/ca\/?s={search_term_string}"},"query-input":"required name=search_term_string"}],"inLanguage":"ca"}]}},"_links":{"self":[{"href":"https:\/\/davidtrotzig.com\/ca\/wp-json\/wp\/v2\/trastornos\/759","targetHints":{"allow":["GET"]}}],"collection":[{"href":"https:\/\/davidtrotzig.com\/ca\/wp-json\/wp\/v2\/trastornos"}],"about":[{"href":"https:\/\/davidtrotzig.com\/ca\/wp-json\/wp\/v2\/types\/trastornos"}],"wp:featuredmedia":[{"embeddable":true,"href":"https:\/\/davidtrotzig.com\/ca\/wp-json\/wp\/v2\/media\/652"}],"wp:attachment":[{"href":"https:\/\/davidtrotzig.com\/ca\/wp-json\/wp\/v2\/media?parent=759"}],"curies":[{"name":"wp","href":"https:\/\/api.w.org\/{rel}","templated":true}]}}

Depressió o trauma postpart

<h3 class="wp-block-heading">El patiment del part traumàtic</h3>

<h4 class="wp-block-heading">Experiència Traumàtica del Part</h4>

<p>Un percentatge elevat de parts al nostre país són <a href="https://asociacionpsicologiaperinatal.es/tag/violencia-obstetrica/">traumàtics per a les dones</a>. Això és degut a factors fisiològics, psicològics, o a un entorn percebut com a difícil o hostil. Com a resultat, moltes dones desenvolupen un <a href="https://davidtrotzig.com/ca/problemes-transtorns/estres-posttraumatic-tept/">Trastorn d&#8217;Estrès Posttraumàtic (TEPT)</a>, caracteritzat per una profunda inquietud i malestar en relació amb elles mateixes, el nadó i l&#8217;entorn.</p>

<h4 class="wp-block-heading">Impacte del Part Traumàtic</h4>

<p>Sheila Kitzinger, creadora de la xarxa de suport britànica &#8216;Birth Crisis&#8217;, descriu l&#8217;impacte del part traumàtic. Les dones se senten impotents i sense control durant un esdeveniment crucial a les seves vides. Inicialment es poden sentir alleujades que tot hagi acabat, però després experimenten una barreja de gratitud i sensació d&#8217;haver estat violades.</p>

<h4 class="wp-block-heading">Símptomes del TEPT Postpart</h4>

<p>Les escenes del part es repeteixen a les seves ments com un vídeo continu. Pateixen malsons i records del trauma. Sovint els diuen que “esperaven una altra cosa”, cosa que agreuja el seu patiment. Aquestes dones perden confiança en els cossos i la lactància es converteix en una lluita.</p>

<h4 class="wp-block-heading">Casos de tractament d&#8217;alta tecnologia</h4>

<p>L&#8217;article descriu casos greus de dones traumatitzades per tractaments &#8220;d&#8217;alta tecnologia&#8221; com oxitocina, episiotomia i monitorització fetal. Tot i això, algunes dones experimenten símptomes similars fins i tot en circumstàncies favorables. Això pot ser degut a la seva relació amb el seu cos o les seves expectatives no complertes.</p>

<h4 class="wp-block-heading">Sentiments de Fracàs i Acompanyament</h4>

<p>El sentiment de fracàs com a mare i dona en no tenir el part somiat pot ser devastador. També hi pot influir la manca de suport de la parella, incrementant el sentiment de vulnerabilitat.</p>

<h4 class="wp-block-heading">Qualitat de Vida Afectada</h4>

<p>Les víctimes dʼesdeveniments traumàtics pateixen molt i la seva qualitat de vida diària es veu greument afectada. Especialment són vulnerables als recordatoris de l&#8217;esdeveniment traumàtic al seu entorn.</p>

<h3 class="wp-block-heading">Conclusió</h3>

<p>El part traumàtic pot deixar profundes cicatrius emocionals. És essencial reconèixer i abordar aquests problemes per millorar la qualitat de vida de les dones afectades.</p>

<p>Quan una dona ha tingut vivències traumàtiques relacionades amb el seu part, tant el propi cos com el nadó i les persones que l&#8217;acompanyaven durant el part poden ser objecte de forts sentiments de por, rebuig, evitació o sentiments de pànic.</p>

<!-- This site is optimized with the Yoast SEO plugin v22.6 - https://yoast.com/wordpress/plugins/seo/ -->
<title>Depressió o trauma postpart - David Trotzig</title>
<meta name="description" content="Explora com els parts traumàtics poden causar Trastorn d&#039;Estrès Posttraumàtic en dones, afectant el benestar emocional, la relació amb el nadó i el seu entorn, i descobreix la importància de reconèixer i tractar aquest problema per millorar-ne la qualitat de vida. És vital abordar i tractar el trauma del part per millorar la qualitat de vida de les dones afectades." />
<meta name="robots" content="index, follow, max-snippet:-1, max-image-preview:large, max-video-preview:-1" />
<link rel="canonical" href="https://davidtrotzig.com/ca/problemes-transtorns/depressio-o-trauma-postpart/" />
<meta property="og:locale" content="ca_ES" />
<meta property="og:type" content="article" />
<meta property="og:title" content="Depressió o trauma postpart - David Trotzig" />
<meta property="og:description" content="Explora com els parts traumàtics poden causar Trastorn d&#039;Estrès Posttraumàtic en dones, afectant el benestar emocional, la relació amb el nadó i el seu entorn, i descobreix la importància de reconèixer i tractar aquest problema per millorar-ne la qualitat de vida. És vital abordar i tractar el trauma del part per millorar la qualitat de vida de les dones afectades." />
<meta property="og:url" content="https://davidtrotzig.com/ca/problemes-transtorns/depressio-o-trauma-postpart/" />
<meta property="og:site_name" content="David Trotzig" />
<meta property="article:modified_time" content="2024-06-23T16:33:38+00:00" />
<meta property="og:image" content="https://davidtrotzig.com/wp-content/uploads/2024/03/david-trotzig_depresion-postparto.jpeg" />
	<meta property="og:image:width" content="1704" />
	<meta property="og:image:height" content="1132" />
	<meta property="og:image:type" content="image/jpeg" />
<meta name="twitter:card" content="summary_large_image" />
<meta name="twitter:label1" content="Temps estimat de lectura" />
	<meta name="twitter:data1" content="2 minuts" />
<script type="application/ld+json" class="yoast-schema-graph">{"@context":"https://schema.org","@graph":[{"@type":"WebPage","@id":"https://davidtrotzig.com/ca/problemes-transtorns/depressio-o-trauma-postpart/","url":"https://davidtrotzig.com/ca/problemes-transtorns/depressio-o-trauma-postpart/","name":"Depressió o trauma postpart - David Trotzig","isPartOf":{"@id":"https://davidtrotzig.com/ca/#website"},"primaryImageOfPage":{"@id":"https://davidtrotzig.com/ca/problemes-transtorns/depressio-o-trauma-postpart/#primaryimage"},"image":{"@id":"https://davidtrotzig.com/ca/problemes-transtorns/depressio-o-trauma-postpart/#primaryimage"},"thumbnailUrl":"https://davidtrotzig.com/wp-content/uploads/2024/03/david-trotzig_depresion-postparto.jpeg","datePublished":"2024-03-05T15:10:29+00:00","dateModified":"2024-06-23T16:33:38+00:00","description":"Explora com els parts traumàtics poden causar Trastorn d'Estrès Posttraumàtic en dones, afectant el benestar emocional, la relació amb el nadó i el seu entorn, i descobreix la importància de reconèixer i tractar aquest problema per millorar-ne la qualitat de vida. És vital abordar i tractar el trauma del part per millorar la qualitat de vida de les dones afectades.","breadcrumb":{"@id":"https://davidtrotzig.com/ca/problemes-transtorns/depressio-o-trauma-postpart/#breadcrumb"},"inLanguage":"ca","potentialAction":[{"@type":"ReadAction","target":["https://davidtrotzig.com/ca/problemes-transtorns/depressio-o-trauma-postpart/"]}]},{"@type":"ImageObject","inLanguage":"ca","@id":"https://davidtrotzig.com/ca/problemes-transtorns/depressio-o-trauma-postpart/#primaryimage","url":"https://davidtrotzig.com/wp-content/uploads/2024/03/david-trotzig_depresion-postparto.jpeg","contentUrl":"https://davidtrotzig.com/wp-content/uploads/2024/03/david-trotzig_depresion-postparto.jpeg","width":1704,"height":1132},{"@type":"BreadcrumbList","@id":"https://davidtrotzig.com/ca/problemes-transtorns/depressio-o-trauma-postpart/#breadcrumb","itemListElement":[{"@type":"ListItem","position":1,"name":"Portada","item":"https://davidtrotzig.com/ca/"},{"@type":"ListItem","position":2,"name":"Transtorns","item":"https://davidtrotzig.com/ca/problemes-transtorns/"},{"@type":"ListItem","position":3,"name":"Depressió o trauma postpart"}]},{"@type":"WebSite","@id":"https://davidtrotzig.com/ca/#website","url":"https://davidtrotzig.com/ca/","name":"David Trotzig","description":"Psicoterapeuta especializado en terapia del trauma y terapia psicocorporal","potentialAction":[{"@type":"SearchAction","target":{"@type":"EntryPoint","urlTemplate":"https://davidtrotzig.com/ca/?s={search_term_string}"},"query-input":"required name=search_term_string"}],"inLanguage":"ca"}]}</script>
<!-- / Yoast SEO plugin. -->

Depressió o trauma postpart - David Trotzig

Explora com els parts traumàtics poden causar Trastorn d'Estrès Posttraumàtic en dones, afectant el benestar emocional, la relació amb el nadó i el seu entorn, i descobreix la importància de reconèixer i tractar aquest problema per millorar-ne la qualitat de vida. És vital abordar i tractar el trauma del part per millorar la qualitat de vida de les dones afectades.
