{"id":976,"date":"2024-03-05T16:09:43","date_gmt":"2024-03-05T15:09:43","guid":{"rendered":"https:\/\/davidtrotzig.com\/problemas-y-trastornos\/colere-agressivite-et-rage-disproportionnees\/"},"modified":"2024-06-12T17:11:51","modified_gmt":"2024-06-12T15:11:51","slug":"colere-agressivite-et-rage-disproportionnees","status":"publish","type":"trastornos","link":"https:\/\/davidtrotzig.com\/fr\/problemes-troubles\/colere-agressivite-et-rage-disproportionnees\/","title":{"rendered":"Col\u00e8re, agressivit\u00e9 et rage disproportionn\u00e9es"},"content":{"rendered":"\n<p>Il y a des gens qui, bien qu&rsquo;ils aient peur des conflits et se consid\u00e8rent comme peu violents, se mettent parfois beaucoup plus en col\u00e8re que ce qui semble raisonnable, au point m\u00eame de perdre le contr\u00f4le de leur col\u00e8re et de faire des choses qu&rsquo;ils regretteront plus tard.<\/p>\n\n<p>Il y a aussi des personnes qui ont parfois des flashs, des images ou des fantasmes de sc\u00e8nes violentes ou sexuelles qui peuvent surgir soudainement, sans avertissement, et la personne ne comprend pas d&rsquo;o\u00f9 ils viennent.<\/p>\n\n<p>Toutes les \u00e9motions ont une mani\u00e8re naturelle de s&rsquo;exprimer et lorsque cette voie est obstru\u00e9e \u00e0 cause d&rsquo;inhibitions ou d&rsquo;interdictions externes ou internes, le corps doit trouver de nouvelles fa\u00e7ons de les exprimer.<\/p>\n\n<p>Les sympt\u00f4mes ci-dessus sont quelques moyens dont dispose le corps pour exprimer une \u00e9motion interdite. Dans ces cas, l&rsquo;\u00e9motion est souvent la col\u00e8re ou la rage.<\/p>\n\n<p>Depuis des ann\u00e9es, j&rsquo;utilise une technique th\u00e9rapeutique sp\u00e9cifique pour traiter le probl\u00e8me de la col\u00e8re et de la rage inhib\u00e9es. Bas\u00e9 sur une combinaison d&rsquo;imagerie, de travail corporel et d&rsquo;EMDR, il s&rsquo;est av\u00e9r\u00e9 tr\u00e8s efficace pour r\u00e9soudre les conflits profonds sous-jacents \u00e0 l&rsquo;origine du probl\u00e8me et a permis au client de retrouver l&rsquo;expression naturelle de ses sentiments inhib\u00e9s.<\/p>\n","protected":false},"excerpt":{"rendered":"<p>Il y a des gens qui, bien qu&rsquo;ils aient peur des conflits et se consid\u00e8rent comme peu violents, se mettent parfois beaucoup plus en col\u00e8re que ce qui semble raisonnable, au point m\u00eame de perdre le contr\u00f4le de leur col\u00e8re et de faire des choses qu&rsquo;ils regretteront plus tard.<\/p>\n","protected":false},"featured_media":662,"template":"","class_list":["post-976","trastornos","type-trastornos","status-publish","has-post-thumbnail","hentry"],"yoast_head":"<!-- This site is optimized with the Yoast SEO plugin v22.6 - https:\/\/yoast.com\/wordpress\/plugins\/seo\/ -->\n<title>Col\u00e8re, agressivit\u00e9 et rage disproportionn\u00e9es - David Trotzig<\/title>\n<meta name=\"description\" content=\"Gestion de la col\u00e8re, de la rage et de l&#039;agressivit\u00e9, que ce soit en famille ou dans d&#039;autres domaines\" \/>\n<meta name=\"robots\" content=\"index, follow, max-snippet:-1, max-image-preview:large, max-video-preview:-1\" \/>\n<link rel=\"canonical\" href=\"https:\/\/davidtrotzig.com\/fr\/problemes-troubles\/colere-agressivite-et-rage-disproportionnees\/\" \/>\n<meta property=\"og:locale\" content=\"fr_FR\" \/>\n<meta property=\"og:type\" content=\"article\" \/>\n<meta property=\"og:title\" content=\"Col\u00e8re, agressivit\u00e9 et rage disproportionn\u00e9es - David Trotzig\" \/>\n<meta property=\"og:description\" content=\"Gestion de la col\u00e8re, de la rage et de l&#039;agressivit\u00e9, que ce soit en famille ou dans d&#039;autres domaines\" \/>\n<meta property=\"og:url\" content=\"https:\/\/davidtrotzig.com\/fr\/problemes-troubles\/colere-agressivite-et-rage-disproportionnees\/\" \/>\n<meta property=\"og:site_name\" content=\"David Trotzig\" \/>\n<meta property=\"article:modified_time\" content=\"2024-06-12T15:11:51+00:00\" \/>\n<meta property=\"og:image\" content=\"https:\/\/davidtrotzig.com\/wp-content\/uploads\/2024\/03\/david-trotzig_enfado-desproporcionado.jpeg\" \/>\n\t<meta property=\"og:image:width\" content=\"1540\" \/>\n\t<meta property=\"og:image:height\" content=\"1180\" \/>\n\t<meta property=\"og:image:type\" content=\"image\/jpeg\" \/>\n<meta name=\"twitter:card\" content=\"summary_large_image\" \/>\n<meta name=\"twitter:label1\" content=\"Dur\u00e9e de lecture estim\u00e9e\" \/>\n\t<meta name=\"twitter:data1\" content=\"1 minute\" \/>\n<script type=\"application\/ld+json\" class=\"yoast-schema-graph\">{\"@context\":\"https:\/\/schema.org\",\"@graph\":[{\"@type\":\"WebPage\",\"@id\":\"https:\/\/davidtrotzig.com\/fr\/problemes-troubles\/colere-agressivite-et-rage-disproportionnees\/\",\"url\":\"https:\/\/davidtrotzig.com\/fr\/problemes-troubles\/colere-agressivite-et-rage-disproportionnees\/\",\"name\":\"Col\u00e8re, agressivit\u00e9 et rage disproportionn\u00e9es - David Trotzig\",\"isPartOf\":{\"@id\":\"https:\/\/davidtrotzig.com\/fr\/#website\"},\"primaryImageOfPage\":{\"@id\":\"https:\/\/davidtrotzig.com\/fr\/problemes-troubles\/colere-agressivite-et-rage-disproportionnees\/#primaryimage\"},\"image\":{\"@id\":\"https:\/\/davidtrotzig.com\/fr\/problemes-troubles\/colere-agressivite-et-rage-disproportionnees\/#primaryimage\"},\"thumbnailUrl\":\"https:\/\/davidtrotzig.com\/wp-content\/uploads\/2024\/03\/david-trotzig_enfado-desproporcionado.jpeg\",\"datePublished\":\"2024-03-05T15:09:43+00:00\",\"dateModified\":\"2024-06-12T15:11:51+00:00\",\"description\":\"Gestion de la col\u00e8re, de la rage et de l'agressivit\u00e9, que ce soit en famille ou dans d'autres domaines\",\"breadcrumb\":{\"@id\":\"https:\/\/davidtrotzig.com\/fr\/problemes-troubles\/colere-agressivite-et-rage-disproportionnees\/#breadcrumb\"},\"inLanguage\":\"fr-FR\",\"potentialAction\":[{\"@type\":\"ReadAction\",\"target\":[\"https:\/\/davidtrotzig.com\/fr\/problemes-troubles\/colere-agressivite-et-rage-disproportionnees\/\"]}]},{\"@type\":\"ImageObject\",\"inLanguage\":\"fr-FR\",\"@id\":\"https:\/\/davidtrotzig.com\/fr\/problemes-troubles\/colere-agressivite-et-rage-disproportionnees\/#primaryimage\",\"url\":\"https:\/\/davidtrotzig.com\/wp-content\/uploads\/2024\/03\/david-trotzig_enfado-desproporcionado.jpeg\",\"contentUrl\":\"https:\/\/davidtrotzig.com\/wp-content\/uploads\/2024\/03\/david-trotzig_enfado-desproporcionado.jpeg\",\"width\":1540,\"height\":1180},{\"@type\":\"BreadcrumbList\",\"@id\":\"https:\/\/davidtrotzig.com\/fr\/problemes-troubles\/colere-agressivite-et-rage-disproportionnees\/#breadcrumb\",\"itemListElement\":[{\"@type\":\"ListItem\",\"position\":1,\"name\":\"Portada\",\"item\":\"https:\/\/davidtrotzig.com\/fr\/\"},{\"@type\":\"ListItem\",\"position\":2,\"name\":\"Troubles\",\"item\":\"https:\/\/davidtrotzig.com\/fr\/problemes-troubles\/\"},{\"@type\":\"ListItem\",\"position\":3,\"name\":\"Col\u00e8re, agressivit\u00e9 et rage disproportionn\u00e9es\"}]},{\"@type\":\"WebSite\",\"@id\":\"https:\/\/davidtrotzig.com\/fr\/#website\",\"url\":\"https:\/\/davidtrotzig.com\/fr\/\",\"name\":\"David Trotzig\",\"description\":\"Psicoterapeuta especializado en terapia del trauma y terapia psicocorporal\",\"potentialAction\":[{\"@type\":\"SearchAction\",\"target\":{\"@type\":\"EntryPoint\",\"urlTemplate\":\"https:\/\/davidtrotzig.com\/fr\/?s={search_term_string}\"},\"query-input\":\"required name=search_term_string\"}],\"inLanguage\":\"fr-FR\"}]}<\/script>\n<!-- \/ Yoast SEO plugin. -->","yoast_head_json":{"title":"Col\u00e8re, agressivit\u00e9 et rage disproportionn\u00e9es - David Trotzig","description":"Gestion de la col\u00e8re, de la rage et de l'agressivit\u00e9, que ce soit en famille ou dans d'autres domaines","robots":{"index":"index","follow":"follow","max-snippet":"max-snippet:-1","max-image-preview":"max-image-preview:large","max-video-preview":"max-video-preview:-1"},"canonical":"https:\/\/davidtrotzig.com\/fr\/problemes-troubles\/colere-agressivite-et-rage-disproportionnees\/","og_locale":"fr_FR","og_type":"article","og_title":"Col\u00e8re, agressivit\u00e9 et rage disproportionn\u00e9es - David Trotzig","og_description":"Gestion de la col\u00e8re, de la rage et de l'agressivit\u00e9, que ce soit en famille ou dans d'autres domaines","og_url":"https:\/\/davidtrotzig.com\/fr\/problemes-troubles\/colere-agressivite-et-rage-disproportionnees\/","og_site_name":"David Trotzig","article_modified_time":"2024-06-12T15:11:51+00:00","og_image":[{"width":1540,"height":1180,"url":"https:\/\/davidtrotzig.com\/wp-content\/uploads\/2024\/03\/david-trotzig_enfado-desproporcionado.jpeg","type":"image\/jpeg"}],"twitter_card":"summary_large_image","twitter_misc":{"Dur\u00e9e de lecture estim\u00e9e":"1 minute"},"schema":{"@context":"https:\/\/schema.org","@graph":[{"@type":"WebPage","@id":"https:\/\/davidtrotzig.com\/fr\/problemes-troubles\/colere-agressivite-et-rage-disproportionnees\/","url":"https:\/\/davidtrotzig.com\/fr\/problemes-troubles\/colere-agressivite-et-rage-disproportionnees\/","name":"Col\u00e8re, agressivit\u00e9 et rage disproportionn\u00e9es - David Trotzig","isPartOf":{"@id":"https:\/\/davidtrotzig.com\/fr\/#website"},"primaryImageOfPage":{"@id":"https:\/\/davidtrotzig.com\/fr\/problemes-troubles\/colere-agressivite-et-rage-disproportionnees\/#primaryimage"},"image":{"@id":"https:\/\/davidtrotzig.com\/fr\/problemes-troubles\/colere-agressivite-et-rage-disproportionnees\/#primaryimage"},"thumbnailUrl":"https:\/\/davidtrotzig.com\/wp-content\/uploads\/2024\/03\/david-trotzig_enfado-desproporcionado.jpeg","datePublished":"2024-03-05T15:09:43+00:00","dateModified":"2024-06-12T15:11:51+00:00","description":"Gestion de la col\u00e8re, de la rage et de l'agressivit\u00e9, que ce soit en famille ou dans d'autres domaines","breadcrumb":{"@id":"https:\/\/davidtrotzig.com\/fr\/problemes-troubles\/colere-agressivite-et-rage-disproportionnees\/#breadcrumb"},"inLanguage":"fr-FR","potentialAction":[{"@type":"ReadAction","target":["https:\/\/davidtrotzig.com\/fr\/problemes-troubles\/colere-agressivite-et-rage-disproportionnees\/"]}]},{"@type":"ImageObject","inLanguage":"fr-FR","@id":"https:\/\/davidtrotzig.com\/fr\/problemes-troubles\/colere-agressivite-et-rage-disproportionnees\/#primaryimage","url":"https:\/\/davidtrotzig.com\/wp-content\/uploads\/2024\/03\/david-trotzig_enfado-desproporcionado.jpeg","contentUrl":"https:\/\/davidtrotzig.com\/wp-content\/uploads\/2024\/03\/david-trotzig_enfado-desproporcionado.jpeg","width":1540,"height":1180},{"@type":"BreadcrumbList","@id":"https:\/\/davidtrotzig.com\/fr\/problemes-troubles\/colere-agressivite-et-rage-disproportionnees\/#breadcrumb","itemListElement":[{"@type":"ListItem","position":1,"name":"Portada","item":"https:\/\/davidtrotzig.com\/fr\/"},{"@type":"ListItem","position":2,"name":"Troubles","item":"https:\/\/davidtrotzig.com\/fr\/problemes-troubles\/"},{"@type":"ListItem","position":3,"name":"Col\u00e8re, agressivit\u00e9 et rage disproportionn\u00e9es"}]},{"@type":"WebSite","@id":"https:\/\/davidtrotzig.com\/fr\/#website","url":"https:\/\/davidtrotzig.com\/fr\/","name":"David Trotzig","description":"Psicoterapeuta especializado en terapia del trauma y terapia psicocorporal","potentialAction":[{"@type":"SearchAction","target":{"@type":"EntryPoint","urlTemplate":"https:\/\/davidtrotzig.com\/fr\/?s={search_term_string}"},"query-input":"required name=search_term_string"}],"inLanguage":"fr-FR"}]}},"_links":{"self":[{"href":"https:\/\/davidtrotzig.com\/fr\/wp-json\/wp\/v2\/trastornos\/976","targetHints":{"allow":["GET"]}}],"collection":[{"href":"https:\/\/davidtrotzig.com\/fr\/wp-json\/wp\/v2\/trastornos"}],"about":[{"href":"https:\/\/davidtrotzig.com\/fr\/wp-json\/wp\/v2\/types\/trastornos"}],"wp:featuredmedia":[{"embeddable":true,"href":"https:\/\/davidtrotzig.com\/fr\/wp-json\/wp\/v2\/media\/662"}],"wp:attachment":[{"href":"https:\/\/davidtrotzig.com\/fr\/wp-json\/wp\/v2\/media?parent=976"}],"curies":[{"name":"wp","href":"https:\/\/api.w.org\/{rel}","templated":true}]}}

Colère, agressivité et rage disproportionnées

<p>Il y a des gens qui, bien qu&rsquo;ils aient peur des conflits et se considèrent comme peu violents, se mettent parfois beaucoup plus en colère que ce qui semble raisonnable, au point même de perdre le contrôle de leur colère et de faire des choses qu&rsquo;ils regretteront plus tard.</p>

<p>Il y a aussi des personnes qui ont parfois des flashs, des images ou des fantasmes de scènes violentes ou sexuelles qui peuvent surgir soudainement, sans avertissement, et la personne ne comprend pas d&rsquo;où ils viennent.</p>

<p>Toutes les émotions ont une manière naturelle de s&rsquo;exprimer et lorsque cette voie est obstruée à cause d&rsquo;inhibitions ou d&rsquo;interdictions externes ou internes, le corps doit trouver de nouvelles façons de les exprimer.</p>

<p>Les symptômes ci-dessus sont quelques moyens dont dispose le corps pour exprimer une émotion interdite. Dans ces cas, l&rsquo;émotion est souvent la colère ou la rage.</p>

<p>Depuis des années, j&rsquo;utilise une technique thérapeutique spécifique pour traiter le problème de la colère et de la rage inhibées. Basé sur une combinaison d&rsquo;imagerie, de travail corporel et d&rsquo;EMDR, il s&rsquo;est avéré très efficace pour résoudre les conflits profonds sous-jacents à l&rsquo;origine du problème et a permis au client de retrouver l&rsquo;expression naturelle de ses sentiments inhibés.</p>

<p>Il y a des gens qui, bien qu&rsquo;ils aient peur des conflits et se considèrent comme peu violents, se mettent parfois beaucoup plus en colère que ce qui semble raisonnable, au point même de perdre le contrôle de leur colère et de faire des choses qu&rsquo;ils regretteront plus tard.</p>

<!-- This site is optimized with the Yoast SEO plugin v22.6 - https://yoast.com/wordpress/plugins/seo/ -->
<title>Colère, agressivité et rage disproportionnées - David Trotzig</title>
<meta name="description" content="Gestion de la colère, de la rage et de l&#039;agressivité, que ce soit en famille ou dans d&#039;autres domaines" />
<meta name="robots" content="index, follow, max-snippet:-1, max-image-preview:large, max-video-preview:-1" />
<link rel="canonical" href="https://davidtrotzig.com/fr/problemes-troubles/colere-agressivite-et-rage-disproportionnees/" />
<meta property="og:locale" content="fr_FR" />
<meta property="og:type" content="article" />
<meta property="og:title" content="Colère, agressivité et rage disproportionnées - David Trotzig" />
<meta property="og:description" content="Gestion de la colère, de la rage et de l&#039;agressivité, que ce soit en famille ou dans d&#039;autres domaines" />
<meta property="og:url" content="https://davidtrotzig.com/fr/problemes-troubles/colere-agressivite-et-rage-disproportionnees/" />
<meta property="og:site_name" content="David Trotzig" />
<meta property="article:modified_time" content="2024-06-12T15:11:51+00:00" />
<meta property="og:image" content="https://davidtrotzig.com/wp-content/uploads/2024/03/david-trotzig_enfado-desproporcionado.jpeg" />
	<meta property="og:image:width" content="1540" />
	<meta property="og:image:height" content="1180" />
	<meta property="og:image:type" content="image/jpeg" />
<meta name="twitter:card" content="summary_large_image" />
<meta name="twitter:label1" content="Durée de lecture estimée" />
	<meta name="twitter:data1" content="1 minute" />
<script type="application/ld+json" class="yoast-schema-graph">{"@context":"https://schema.org","@graph":[{"@type":"WebPage","@id":"https://davidtrotzig.com/fr/problemes-troubles/colere-agressivite-et-rage-disproportionnees/","url":"https://davidtrotzig.com/fr/problemes-troubles/colere-agressivite-et-rage-disproportionnees/","name":"Colère, agressivité et rage disproportionnées - David Trotzig","isPartOf":{"@id":"https://davidtrotzig.com/fr/#website"},"primaryImageOfPage":{"@id":"https://davidtrotzig.com/fr/problemes-troubles/colere-agressivite-et-rage-disproportionnees/#primaryimage"},"image":{"@id":"https://davidtrotzig.com/fr/problemes-troubles/colere-agressivite-et-rage-disproportionnees/#primaryimage"},"thumbnailUrl":"https://davidtrotzig.com/wp-content/uploads/2024/03/david-trotzig_enfado-desproporcionado.jpeg","datePublished":"2024-03-05T15:09:43+00:00","dateModified":"2024-06-12T15:11:51+00:00","description":"Gestion de la colère, de la rage et de l'agressivité, que ce soit en famille ou dans d'autres domaines","breadcrumb":{"@id":"https://davidtrotzig.com/fr/problemes-troubles/colere-agressivite-et-rage-disproportionnees/#breadcrumb"},"inLanguage":"fr-FR","potentialAction":[{"@type":"ReadAction","target":["https://davidtrotzig.com/fr/problemes-troubles/colere-agressivite-et-rage-disproportionnees/"]}]},{"@type":"ImageObject","inLanguage":"fr-FR","@id":"https://davidtrotzig.com/fr/problemes-troubles/colere-agressivite-et-rage-disproportionnees/#primaryimage","url":"https://davidtrotzig.com/wp-content/uploads/2024/03/david-trotzig_enfado-desproporcionado.jpeg","contentUrl":"https://davidtrotzig.com/wp-content/uploads/2024/03/david-trotzig_enfado-desproporcionado.jpeg","width":1540,"height":1180},{"@type":"BreadcrumbList","@id":"https://davidtrotzig.com/fr/problemes-troubles/colere-agressivite-et-rage-disproportionnees/#breadcrumb","itemListElement":[{"@type":"ListItem","position":1,"name":"Portada","item":"https://davidtrotzig.com/fr/"},{"@type":"ListItem","position":2,"name":"Troubles","item":"https://davidtrotzig.com/fr/problemes-troubles/"},{"@type":"ListItem","position":3,"name":"Colère, agressivité et rage disproportionnées"}]},{"@type":"WebSite","@id":"https://davidtrotzig.com/fr/#website","url":"https://davidtrotzig.com/fr/","name":"David Trotzig","description":"Psicoterapeuta especializado en terapia del trauma y terapia psicocorporal","potentialAction":[{"@type":"SearchAction","target":{"@type":"EntryPoint","urlTemplate":"https://davidtrotzig.com/fr/?s={search_term_string}"},"query-input":"required name=search_term_string"}],"inLanguage":"fr-FR"}]}</script>
<!-- / Yoast SEO plugin. -->

Colère, agressivité et rage disproportionnées - David Trotzig

Gestion de la colère, de la rage et de l'agressivité, que ce soit en famille ou dans d'autres domaines
